CRAN Package Check Results for Package aMNLFA

Last updated on 2023-06-06 21:00:47 CEST.

Flavor Version Tinstall Tcheck Ttotal Status Flags
r-devel-linux-x86_64-debian-clang 1.1.2 6.02 38.31 44.33 OK
r-devel-linux-x86_64-debian-gcc 1.1.2 4.84 28.74 33.58 OK
r-devel-linux-x86_64-fedora-clang 1.1.2 55.05 NOTE
r-devel-linux-x86_64-fedora-gcc 1.1.2 52.10 NOTE
r-devel-windows-x86_64 1.1.2 8.00 51.00 59.00 OK
r-patched-linux-x86_64 1.1.2 4.35 36.58 40.93 OK
r-release-linux-x86_64 1.1.2 3.81 36.80 40.61 OK
r-release-macos-arm64 1.1.2 21.00 OK
r-release-macos-x86_64 1.1.2 33.00 OK
r-release-windows-x86_64 1.1.2 9.00 52.00 61.00 OK
r-oldrel-macos-arm64 1.1.2 17.00 NOTE
r-oldrel-macos-x86_64 1.1.2 36.00 NOTE
r-oldrel-windows-x86_64 1.1.2 9.00 55.00 64.00 OK

Check Details

Version: 1.1.2
Check: dependencies in R code
Result: NOTE
    Namespaces in Imports field not imported from:
     ‘devtools’ ‘dplyr’ ‘gridExtra’
     All declared Imports should be used.
Flavors: r-devel-linux-x86_64-fedora-clang, r-devel-linux-x86_64-fedora-gcc, r-oldrel-macos-arm64, r-oldrel-macos-x86_64