Last updated on 2024-03-28 19:48:24 CET.
Flavor | Version | Tinstall | Tcheck | Ttotal | Status | Flags |
---|---|---|---|---|---|---|
r-devel-linux-x86_64-debian-clang | 1.3.6 | 17.79 | 151.78 | 169.57 | NOTE | |
r-devel-linux-x86_64-debian-gcc | 1.3.6 | 13.57 | 116.38 | 129.95 | NOTE | |
r-devel-linux-x86_64-fedora-clang | 1.3.6 | 222.09 | NOTE | |||
r-devel-linux-x86_64-fedora-gcc | 1.3.6 | 203.55 | NOTE | |||
r-devel-windows-x86_64 | 1.3.6 | 15.00 | 116.00 | 131.00 | NOTE | |
r-patched-linux-x86_64 | 1.3.6 | 13.10 | 149.53 | 162.63 | NOTE | |
r-release-linux-x86_64 | 1.3.6 | 14.01 | 148.40 | 162.41 | NOTE | |
r-release-macos-arm64 | 1.3.6 | 63.00 | NOTE | |||
r-release-macos-x86_64 | 1.3.6 | 101.00 | NOTE | |||
r-release-windows-x86_64 | 1.3.6 | 21.00 | 167.00 | 188.00 | NOTE | |
r-oldrel-macos-arm64 | 1.3.6 | 54.00 | OK | |||
r-oldrel-windows-x86_64 | 1.3.6 | 22.00 | 252.00 | 274.00 | OK |
Version: 1.3.6
Check: Rd files
Result: NOTE
checkRd: (-1) ALF.Rd:47: Escaped LaTeX specials: \&
checkRd: (-1) APEXMS.Rd:14: Lost braces in \enumerate; meant \describe ?
checkRd: (-1) APEXMS.Rd:15: Lost braces in \enumerate; meant \describe ?
Flavors: r-devel-linux-x86_64-debian-clang, r-devel-linux-x86_64-debian-gcc, r-devel-linux-x86_64-fedora-clang, r-devel-linux-x86_64-fedora-gcc, r-devel-windows-x86_64, r-patched-linux-x86_64
Version: 1.3.6
Check: Rd files
Result: NOTE
checkRd: (-1) ALF.Rd:47: Escaped LaTeX specials: \&
Flavors: r-release-linux-x86_64, r-release-macos-arm64, r-release-macos-x86_64, r-release-windows-x86_64