Last updated on 2024-04-19 20:56:31 CEST.
Flavor | Version | Tinstall | Tcheck | Ttotal | Status | Flags |
---|---|---|---|---|---|---|
r-devel-linux-x86_64-debian-clang | 1.0 | 35.36 | 367.38 | 402.74 | OK | |
r-devel-linux-x86_64-debian-gcc | 1.0 | OK | ||||
r-devel-linux-x86_64-fedora-clang | 1.0 | 515.87 | OK | |||
r-devel-linux-x86_64-fedora-gcc | 1.0 | 522.22 | OK | |||
r-prerel-macos-arm64 | 1.0 | 128.00 | OK | |||
r-prerel-macos-x86_64 | 1.0 | 286.00 | OK | |||
r-prerel-windows-x86_64 | 1.0 | 33.00 | 250.00 | 283.00 | OK | |
r-patched-linux-x86_64 | 1.0 | 31.14 | 345.01 | 376.15 | OK | |
r-release-linux-x86_64 | 1.0 | 26.04 | 355.21 | 381.25 | OK | |
r-release-macos-arm64 | 1.0 | 126.00 | OK | |||
r-release-macos-x86_64 | 1.0 | 266.00 | OK | |||
r-release-windows-x86_64 | 1.0 | 43.00 | 329.00 | 372.00 | OK | |
r-oldrel-macos-arm64 | 1.0 | 112.00 | OK | |||
r-oldrel-windows-x86_64 | 1.0 | 41.00 | 282.00 | 323.00 | ERROR |
Version: 1.0
Check: whether package can be installed
Result: ERROR
Installation failed.
Flavor: r-oldrel-windows-x86_64