Last updated on 2025-02-16 20:50:54 CET.
Flavor | Version | Tinstall | Tcheck | Ttotal | Status | Flags |
---|---|---|---|---|---|---|
r-devel-linux-x86_64-debian-clang | 1.0.1 | 14.74 | 164.40 | 179.14 | OK | |
r-devel-linux-x86_64-debian-gcc | 1.0.1 | 10.82 | 122.37 | 133.19 | OK | |
r-devel-linux-x86_64-fedora-clang | 1.0.1 | 316.76 | NOTE | |||
r-devel-linux-x86_64-fedora-gcc | 1.0.1 | 314.69 | NOTE | |||
r-devel-macos-arm64 | 1.0.1 | 102.00 | OK | |||
r-devel-macos-x86_64 | 1.0.1 | 205.00 | OK | |||
r-devel-windows-x86_64 | 1.0.1 | 16.00 | 173.00 | 189.00 | OK | |
r-patched-linux-x86_64 | 1.0.1 | 12.87 | 161.23 | 174.10 | OK | |
r-release-linux-x86_64 | 1.0.1 | 14.03 | 155.82 | 169.85 | OK | |
r-release-macos-arm64 | 1.0.1 | 100.00 | OK | |||
r-release-macos-x86_64 | 1.0.1 | 175.00 | OK | |||
r-release-windows-x86_64 | 1.0.1 | 14.00 | 174.00 | 188.00 | OK | |
r-oldrel-macos-arm64 | 1.0.1 | 101.00 | OK | |||
r-oldrel-macos-x86_64 | 1.0.1 | 176.00 | OK | |||
r-oldrel-windows-x86_64 | 1.0.1 | 20.00 | 234.00 | 254.00 | OK |
Version: 1.0.1
Check: dependencies in R code
Result: NOTE
Namespace in Imports field not imported from: ‘dplyr’
All declared Imports should be used.
Flavors: r-devel-linux-x86_64-fedora-clang, r-devel-linux-x86_64-fedora-gcc