Last updated on 2025-05-09 20:50:07 CEST.
Flavor | Version | Tinstall | Tcheck | Ttotal | Status | Flags |
---|---|---|---|---|---|---|
r-devel-linux-x86_64-debian-clang | 0.1.6 | 5.94 | 67.19 | 73.13 | NOTE | |
r-devel-linux-x86_64-debian-gcc | 0.1.6 | 4.57 | 46.12 | 50.69 | NOTE | |
r-devel-linux-x86_64-fedora-clang | 0.1.6 | 104.26 | OK | |||
r-devel-linux-x86_64-fedora-gcc | 0.1.6 | 107.65 | OK | |||
r-devel-windows-x86_64 | 0.1.6 | 8.00 | 100.00 | 108.00 | OK | |
r-patched-linux-x86_64 | 0.1.6 | 7.01 | 61.51 | 68.52 | OK | |
r-release-linux-x86_64 | 0.1.6 | 5.94 | 60.96 | 66.90 | OK | |
r-release-macos-arm64 | 0.1.6 | 38.00 | OK | |||
r-release-macos-x86_64 | 0.1.6 | 83.00 | OK | |||
r-release-windows-x86_64 | 0.1.6 | 10.00 | 102.00 | 112.00 | OK | |
r-oldrel-macos-arm64 | 0.1.6 | 42.00 | NOTE | |||
r-oldrel-macos-x86_64 | 0.1.6 | 54.00 | NOTE | |||
r-oldrel-windows-x86_64 | 0.1.6 | 11.00 | 119.00 | 130.00 | NOTE |
Version: 0.1.6
Check: CRAN incoming feasibility
Result: NOTE
Maintainer: ‘Xuanhua (Peter) Yin <peteryin.sju@hotmail.com>’
No Authors@R field in DESCRIPTION.
Please add one, modifying
Authors@R: c(person(given = "Manuel",
family = "Russon",
role = "aut",
email = "RUSSONM@stjohns.edu"),
person(given = "Xuanhua",
family = "Yin",
role = "aut",
email = "peteryin.sju@hotmail.com",
comment = "Peter"),
person(given = "Xuanhua",
family = "Yin",
role = "cre",
email = "peteryin.sju@hotmail.com",
comment = "Peter"))
as necessary.
Flavors: r-devel-linux-x86_64-debian-clang, r-devel-linux-x86_64-debian-gcc
Version: 0.1.6
Check: LazyData
Result: NOTE
'LazyData' is specified without a 'data' directory
Flavors: r-oldrel-macos-arm64, r-oldrel-macos-x86_64, r-oldrel-windows-x86_64