Last updated on 2025-11-02 23:49:56 CET.
| Flavor | Version | Tinstall | Tcheck | Ttotal | Status | Flags | 
|---|---|---|---|---|---|---|
| r-devel-linux-x86_64-debian-clang | 0.3.6 | 4.29 | 68.57 | 72.86 | NOTE | |
| r-devel-linux-x86_64-debian-gcc | 0.3.6 | 3.31 | 50.45 | 53.76 | NOTE | |
| r-devel-linux-x86_64-fedora-clang | 0.3.6 | 10.00 | 102.65 | 112.65 | OK | |
| r-devel-linux-x86_64-fedora-gcc | 0.3.6 | 121.40 | OK | |||
| r-devel-windows-x86_64 | 0.3.6 | 7.00 | 89.00 | 96.00 | OK | |
| r-patched-linux-x86_64 | 0.3.6 | 4.30 | 65.19 | 69.49 | OK | |
| r-release-linux-x86_64 | 0.3.6 | 4.21 | 65.17 | 69.38 | OK | |
| r-release-macos-arm64 | 0.3.6 | 2.00 | 36.00 | 38.00 | OK | |
| r-release-macos-x86_64 | 0.3.6 | 4.00 | 72.00 | 76.00 | OK | |
| r-release-windows-x86_64 | 0.3.6 | 7.00 | 88.00 | 95.00 | OK | |
| r-oldrel-macos-arm64 | 0.3.6 | 2.00 | 34.00 | 36.00 | OK | |
| r-oldrel-macos-x86_64 | 0.3.6 | 3.00 | 51.00 | 54.00 | OK | |
| r-oldrel-windows-x86_64 | 0.3.6 | 8.00 | 234.00 | 242.00 | OK | 
Version: 0.3.6
Check: CRAN incoming feasibility
Result: NOTE
  Maintainer: ‘Tomas Hovorka <tomashovorka@seznam.cz>’
  
  No Authors@R field in DESCRIPTION.
  Please add one, modifying
    Authors@R: person(given = "Tomas",
                      family = "Hovorka",
                      role = c("aut", "cre"),
                      email = "tomashovorka@seznam.cz")
  as necessary.
Flavors: r-devel-linux-x86_64-debian-clang, r-devel-linux-x86_64-debian-gcc