Last updated on 2025-02-06 19:49:39 CET.
Flavor | Version | Tinstall | Tcheck | Ttotal | Status | Flags |
---|---|---|---|---|---|---|
r-devel-linux-x86_64-debian-clang | 0.6.1 | 4.95 | 56.61 | 61.56 | NOTE | |
r-devel-linux-x86_64-debian-gcc | 0.6.1 | 3.38 | 41.17 | 44.55 | NOTE | |
r-devel-linux-x86_64-fedora-clang | 0.6.1 | 103.90 | OK | |||
r-devel-linux-x86_64-fedora-gcc | 0.6.1 | 112.06 | OK | |||
r-devel-windows-x86_64 | 0.6.1 | 6.00 | 78.00 | 84.00 | NOTE | |
r-patched-linux-x86_64 | 0.6.1 | 11.56 | 52.94 | 64.50 | OK | |
r-release-linux-x86_64 | 0.6.1 | 4.27 | 53.32 | 57.59 | OK | |
r-release-macos-arm64 | 0.6.1 | 35.00 | OK | |||
r-release-macos-x86_64 | 0.6.1 | 54.00 | OK | |||
r-release-windows-x86_64 | 0.6.1 | 7.00 | 106.00 | 113.00 | OK | |
r-oldrel-macos-arm64 | 0.6.1 | 42.00 | OK | |||
r-oldrel-macos-x86_64 | 0.6.1 | 79.00 | OK | |||
r-oldrel-windows-x86_64 | 0.6.1 | 7.00 | 89.00 | 96.00 | OK |
Version: 0.6.1
Check: Rd cross-references
Result: NOTE
Found the following Rd file(s) with Rd \link{} targets missing package
anchors:
get_transform_names.Rd: is_primitive
simbase_covar.Rd: group_by, tibble
simbase_list.Rd: group_by, tibble
simulate_conditionally.simbase_list.Rd: nest, unnest
Please provide package anchors for all Rd \link{} targets not in the
package itself and the base packages.
Flavors: r-devel-linux-x86_64-debian-clang, r-devel-linux-x86_64-debian-gcc, r-devel-windows-x86_64