Last updated on 2025-10-24 20:53:27 CEST.
| Flavor | Version | Tinstall | Tcheck | Ttotal | Status | Flags |
|---|---|---|---|---|---|---|
| r-devel-linux-x86_64-debian-clang | 1.0 | 6.44 | 79.48 | 85.92 | NOTE | |
| r-devel-linux-x86_64-debian-gcc | 1.0 | 4.46 | 57.94 | 62.40 | NOTE | |
| r-devel-linux-x86_64-fedora-clang | 1.0 | 14.00 | 121.07 | 135.07 | OK | |
| r-devel-linux-x86_64-fedora-gcc | 1.0 | 14.00 | 136.39 | 150.39 | OK | |
| r-devel-windows-x86_64 | 1.0 | 8.00 | 87.00 | 95.00 | OK | |
| r-patched-linux-x86_64 | 1.0 | 6.04 | 76.26 | 82.30 | OK | |
| r-release-linux-x86_64 | 1.0 | 5.59 | 75.12 | 80.71 | OK | |
| r-release-macos-arm64 | 1.0 | 3.00 | 51.00 | 54.00 | OK | |
| r-release-macos-x86_64 | 1.0 | 6.00 | 89.00 | 95.00 | OK | |
| r-release-windows-x86_64 | 1.0 | 8.00 | 90.00 | 98.00 | OK | |
| r-oldrel-macos-arm64 | 1.0 | 3.00 | 40.00 | 43.00 | OK | |
| r-oldrel-macos-x86_64 | 1.0 | 5.00 | 65.00 | 70.00 | OK | |
| r-oldrel-windows-x86_64 | 1.0 | 9.00 | 117.00 | 126.00 | OK |
Version: 1.0
Check: CRAN incoming feasibility
Result: NOTE
Maintainer: ‘Lu Mao <lmao@biostat.wisc.edu>’
No Authors@R field in DESCRIPTION.
Please add one, modifying
Authors@R: person(given = "Lu",
family = "Mao",
role = c("aut", "cre"),
email = "lmao@biostat.wisc.edu")
as necessary.
Flavors: r-devel-linux-x86_64-debian-clang, r-devel-linux-x86_64-debian-gcc