Last updated on 2024-04-18 21:57:09 CEST.
Flavor | Version | Tinstall | Tcheck | Ttotal | Status | Flags |
---|---|---|---|---|---|---|
r-devel-linux-x86_64-debian-clang | 0.1.3 | 130.25 | 68.20 | 198.45 | NOTE | |
r-devel-linux-x86_64-debian-gcc | 0.1.3 | 110.11 | 51.02 | 161.13 | NOTE | |
r-devel-linux-x86_64-fedora-clang | 0.1.3 | 305.58 | NOTE | |||
r-devel-linux-x86_64-fedora-gcc | 0.1.3 | 297.85 | NOTE | |||
r-prerel-macos-arm64 | 0.1.3 | 53.00 | NOTE | |||
r-prerel-windows-x86_64 | 0.1.3 | 105.00 | 193.00 | 298.00 | NOTE | |
r-patched-linux-x86_64 | 0.1.3 | 144.68 | 65.59 | 210.27 | NOTE | |
r-release-linux-x86_64 | 0.1.3 | 134.03 | 67.59 | 201.62 | NOTE | |
r-release-macos-arm64 | 0.1.3 | 76.00 | NOTE | |||
r-release-macos-x86_64 | 0.1.3 | 119.00 | NOTE | |||
r-release-windows-x86_64 | 0.1.3 | 135.00 | 105.00 | 240.00 | NOTE | |
r-oldrel-macos-arm64 | 0.1.3 | 69.00 | NOTE | |||
r-oldrel-windows-x86_64 | 0.1.3 | 133.00 | 102.00 | 235.00 | OK |
Version: 0.1.3
Check: C++ specification
Result: NOTE
Specified C++11: please drop specification unless essential
Flavors: r-devel-linux-x86_64-debian-clang, r-devel-linux-x86_64-debian-gcc, r-devel-linux-x86_64-fedora-clang, r-devel-linux-x86_64-fedora-gcc, r-prerel-macos-arm64, r-prerel-windows-x86_64, r-patched-linux-x86_64, r-release-linux-x86_64, r-release-macos-arm64, r-release-macos-x86_64, r-release-windows-x86_64
Version: 0.1.3
Check: installed package size
Result: NOTE
installed size is 5.1Mb
sub-directories of 1Mb or more:
libs 5.0Mb
Flavors: r-release-macos-arm64, r-oldrel-macos-arm64