Last updated on 2024-04-19 20:56:55 CEST.
Flavor | Version | Tinstall | Tcheck | Ttotal | Status | Flags |
---|---|---|---|---|---|---|
r-devel-linux-x86_64-debian-clang | 1.72-5 | 95.44 | 480.68 | 576.12 | OK | |
r-devel-linux-x86_64-debian-gcc | 1.72-5 | OK | ||||
r-devel-linux-x86_64-fedora-clang | 1.72-5 | 694.75 | OK | |||
r-devel-linux-x86_64-fedora-gcc | 1.72-5 | 663.52 | OK | |||
r-prerel-macos-arm64 | 1.72-5 | 173.00 | NOTE | |||
r-prerel-macos-x86_64 | 1.72-5 | 310.00 | NOTE | |||
r-prerel-windows-x86_64 | 1.72-5 | 61.00 | 398.00 | 459.00 | OK | |
r-patched-linux-x86_64 | 1.72-5 | 92.79 | 451.03 | 543.82 | OK | |
r-release-linux-x86_64 | 1.72-5 | 52.07 | 467.86 | 519.93 | OK | |
r-release-macos-arm64 | 1.72-5 | 167.00 | NOTE | |||
r-release-macos-x86_64 | 1.72-5 | 355.00 | NOTE | |||
r-release-windows-x86_64 | 1.72-5 | 90.00 | 514.00 | 604.00 | OK | |
r-oldrel-macos-arm64 | 1.72-5 | 168.00 | NOTE | |||
r-oldrel-windows-x86_64 | 1.72-5 | 88.00 | 458.00 | 546.00 | OK |
Version: 1.72-5
Check: package dependencies
Result: NOTE
Package suggested but not available for checking: ‘org.Mm.eg.db’
Flavors: r-prerel-macos-arm64, r-release-macos-x86_64
Version: 1.72-5
Check: installed package size
Result: NOTE
installed size is 5.2Mb
sub-directories of 1Mb or more:
R 2.0Mb
libs 1.5Mb
Flavors: r-prerel-macos-arm64, r-prerel-macos-x86_64, r-release-macos-arm64, r-release-macos-x86_64, r-oldrel-macos-arm64