Last updated on 2024-07-17 20:57:15 CEST.
Flavor | Version | Tinstall | Tcheck | Ttotal | Status | Flags |
---|---|---|---|---|---|---|
r-devel-linux-x86_64-debian-clang | 1.0.3 | 5.68 | 93.47 | 99.15 | OK | |
r-devel-linux-x86_64-debian-gcc | 1.0.3 | 6.88 | 67.96 | 74.84 | OK | |
r-devel-linux-x86_64-fedora-clang | 1.0.3 | 125.13 | OK | |||
r-devel-linux-x86_64-fedora-gcc | 1.0.3 | 115.78 | OK | |||
r-devel-windows-x86_64 | 1.0.3 | 8.00 | 90.00 | 98.00 | NOTE | |
r-patched-linux-x86_64 | 1.0.3 | 8.62 | 85.57 | 94.19 | OK | |
r-release-linux-x86_64 | 1.0.3 | 7.08 | 85.86 | 92.94 | OK | |
r-release-macos-arm64 | 1.0.3 | 37.00 | OK | |||
r-release-macos-x86_64 | 1.0.3 | 64.00 | OK | |||
r-release-windows-x86_64 | 1.0.3 | 8.00 | 88.00 | 96.00 | OK | |
r-oldrel-macos-arm64 | 1.0.3 | 44.00 | OK | |||
r-oldrel-macos-x86_64 | 1.0.3 | 79.00 | OK | |||
r-oldrel-windows-x86_64 | 1.0.3 | 10.00 | 103.00 | 113.00 | OK |
Version: 1.0.3
Check: Rd cross-references
Result: NOTE
Found the following Rd file(s) with Rd \link{} targets missing package
anchors:
WCE.Rd: coxph.control
Please provide package anchors for all Rd \link{} targets not in the
package itself and the base packages.
Flavor: r-devel-windows-x86_64