CRAN Package Check Results for Package WCE

Last updated on 2025-05-09 20:50:06 CEST.

Flavor Version Tinstall Tcheck Ttotal Status Flags
r-devel-linux-x86_64-debian-clang 1.0.3 7.42 71.24 78.66 NOTE
r-devel-linux-x86_64-debian-gcc 1.0.3 5.41 53.35 58.76 NOTE
r-devel-linux-x86_64-fedora-clang 1.0.3 122.16 OK
r-devel-linux-x86_64-fedora-gcc 1.0.3 121.35 OK
r-devel-windows-x86_64 1.0.3 8.00 89.00 97.00 NOTE
r-patched-linux-x86_64 1.0.3 7.56 69.35 76.91 NOTE
r-release-linux-x86_64 1.0.3 5.43 69.65 75.08 NOTE
r-release-macos-arm64 1.0.3 42.00 OK
r-release-macos-x86_64 1.0.3 81.00 OK
r-release-windows-x86_64 1.0.3 9.00 88.00 97.00 NOTE
r-oldrel-macos-arm64 1.0.3 37.00 OK
r-oldrel-macos-x86_64 1.0.3 64.00 OK
r-oldrel-windows-x86_64 1.0.3 10.00 112.00 122.00 OK

Check Details

Version: 1.0.3
Check: Rd cross-references
Result: NOTE Found the following Rd file(s) with Rd \link{} targets missing package anchors: WCE.Rd: coxph.control Please provide package anchors for all Rd \link{} targets not in the package itself and the base packages. Flavors: r-devel-linux-x86_64-debian-clang, r-devel-linux-x86_64-debian-gcc, r-devel-windows-x86_64, r-patched-linux-x86_64, r-release-linux-x86_64, r-release-windows-x86_64