Last updated on 2024-03-27 19:57:09 CET.
Flavor | Version | Tinstall | Tcheck | Ttotal | Status | Flags |
---|---|---|---|---|---|---|
r-devel-linux-x86_64-debian-clang | 1.4.3 | 7.30 | 145.33 | 152.63 | OK | |
r-devel-linux-x86_64-debian-gcc | 1.4.3 | 6.35 | 109.57 | 115.92 | OK | |
r-devel-linux-x86_64-fedora-clang | 1.4.3 | 187.46 | NOTE | |||
r-devel-linux-x86_64-fedora-gcc | 1.4.3 | 195.82 | NOTE | |||
r-devel-windows-x86_64 | 1.4.3 | 9.00 | 129.00 | 138.00 | OK | |
r-patched-linux-x86_64 | 1.4.3 | 9.60 | 139.71 | 149.31 | OK | |
r-release-linux-x86_64 | 1.4.3 | 6.25 | 139.31 | 145.56 | OK | |
r-release-macos-arm64 | 1.4.3 | 62.00 | OK | |||
r-release-macos-x86_64 | 1.4.3 | 93.00 | NOTE | |||
r-release-windows-x86_64 | 1.4.3 | 12.00 | 156.00 | 168.00 | OK | |
r-oldrel-macos-arm64 | 1.4.3 | 50.00 | NOTE | |||
r-oldrel-windows-x86_64 | 1.4.3 | 12.00 | 159.00 | 171.00 | OK |
Version: 1.4.3
Check: dependencies in R code
Result: NOTE
Namespace in Imports field not imported from: ‘rlang’
All declared Imports should be used.
Flavors: r-devel-linux-x86_64-fedora-clang, r-devel-linux-x86_64-fedora-gcc, r-oldrel-macos-arm64
Version: 1.4.3
Check: package dependencies
Result: NOTE
Package suggested but not available for checking: ‘NPRED’
Flavor: r-release-macos-x86_64