Last updated on 2025-11-23 20:49:06 CET.
| Flavor | Version | Tinstall | Tcheck | Ttotal | Status | Flags |
|---|---|---|---|---|---|---|
| r-devel-linux-x86_64-debian-clang | 0.5 | 7.08 | 2970.44 | 2977.52 | OK | |
| r-devel-linux-x86_64-debian-gcc | 0.5 | 4.25 | 1707.50 | 1711.75 | OK | |
| r-devel-linux-x86_64-fedora-clang | 0.5 | 51.00 | 1924.03 | 1975.03 | ERROR | |
| r-devel-windows-x86_64 | 0.5 | 10.00 | 322.00 | 332.00 | OK | |
| r-patched-linux-x86_64 | 0.5 | 7.03 | 2249.36 | 2256.39 | OK | |
| r-release-linux-x86_64 | 0.5 | 5.80 | 2258.42 | 2264.22 | OK | |
| r-release-macos-arm64 | 0.5 | OK | ||||
| r-release-macos-x86_64 | 0.5 | 5.00 | 434.00 | 439.00 | OK | |
| r-release-windows-x86_64 | 0.5 | 9.00 | 1838.00 | 1847.00 | OK | |
| r-oldrel-macos-arm64 | 0.5 | OK | ||||
| r-oldrel-macos-x86_64 | 0.5 | 6.00 | 359.00 | 365.00 | OK | |
| r-oldrel-windows-x86_64 | 0.5 | 12.00 | 2700.00 | 2712.00 | OK |
Version: 0.5
Check: re-building of vignette outputs
Result: ERROR
Error(s) in re-building vignettes:
--- re-building ‘viztest_intro.Rmd’ using rmarkdown
Quitting from viztest_intro.Rmd:343-348 [unnamed-chunk-2]
Execution halted
Flavor: r-devel-linux-x86_64-fedora-clang