Last updated on 2024-04-23 20:52:23 CEST.
Flavor | Version | Tinstall | Tcheck | Ttotal | Status | Flags |
---|---|---|---|---|---|---|
r-devel-linux-x86_64-debian-clang | 0.1.0 | 2.66 | 23.43 | 26.09 | OK | |
r-devel-linux-x86_64-debian-gcc | 0.1.0 | 1.85 | 17.92 | 19.77 | OK | |
r-devel-linux-x86_64-fedora-clang | 0.1.0 | 32.59 | NOTE | |||
r-devel-linux-x86_64-fedora-gcc | 0.1.0 | 31.15 | NOTE | |||
r-prerel-macos-arm64 | 0.1.0 | 15.00 | OK | |||
r-prerel-windows-x86_64 | 0.1.0 | 3.00 | 39.00 | 42.00 | OK | |
r-patched-linux-x86_64 | 0.1.0 | 2.61 | 22.17 | 24.78 | OK | |
r-release-linux-x86_64 | 0.1.0 | 2.26 | 23.03 | 25.29 | OK | |
r-release-macos-arm64 | 0.1.0 | 16.00 | OK | |||
r-release-macos-x86_64 | 0.1.0 | 20.00 | OK | |||
r-release-windows-x86_64 | 0.1.0 | 5.00 | 40.00 | 45.00 | OK | |
r-oldrel-macos-arm64 | 0.1.0 | 16.00 | NOTE | |||
r-oldrel-windows-x86_64 | 0.1.0 | 4.00 | 44.00 | 48.00 | OK |
Version: 0.1.0
Check: dependencies in R code
Result: NOTE
Namespace in Imports field not imported from: ‘dplyr’
All declared Imports should be used.
Flavors: r-devel-linux-x86_64-fedora-clang, r-devel-linux-x86_64-fedora-gcc, r-oldrel-macos-arm64