Last updated on 2025-11-02 23:49:55 CET.
| Flavor | Version | Tinstall | Tcheck | Ttotal | Status | Flags |
|---|---|---|---|---|---|---|
| r-devel-linux-x86_64-debian-clang | 1.0.2 | 11.61 | 76.08 | 87.69 | NOTE | |
| r-devel-linux-x86_64-debian-gcc | 1.0.2 | 8.48 | 49.76 | 58.24 | NOTE | |
| r-devel-linux-x86_64-fedora-clang | 1.0.2 | 29.00 | 102.76 | 131.76 | NOTE | |
| r-devel-linux-x86_64-fedora-gcc | 1.0.2 | 28.00 | 100.09 | 128.09 | NOTE | |
| r-devel-windows-x86_64 | 1.0.2 | 13.00 | 94.00 | 107.00 | NOTE | |
| r-patched-linux-x86_64 | 1.0.2 | 15.64 | 70.57 | 86.21 | NOTE | |
| r-release-linux-x86_64 | 1.0.2 | 11.21 | 70.73 | 81.94 | NOTE | |
| r-release-macos-arm64 | 1.0.2 | 7.00 | 31.00 | 38.00 | NOTE | |
| r-release-macos-x86_64 | 1.0.2 | 16.00 | 65.00 | 81.00 | NOTE | |
| r-release-windows-x86_64 | 1.0.2 | 14.00 | 94.00 | 108.00 | NOTE | |
| r-oldrel-macos-arm64 | 1.0.2 | 5.00 | 25.00 | 30.00 | NOTE | |
| r-oldrel-macos-x86_64 | 1.0.2 | 11.00 | 54.00 | 65.00 | NOTE | |
| r-oldrel-windows-x86_64 | 1.0.2 | 16.00 | 89.00 | 105.00 | NOTE |
Version: 1.0.2
Check: Rd files
Result: NOTE
checkRd: (-1) betaburr.Rd:7: Lost braces
7 | \description{Computes the pdf, cdf, value at risk and expected shortfall for the beta Burr distribution due to Parana\'{i}ba et al. (2011) given by
| ^
checkRd: (-1) betafrechet.Rd:7: Lost braces
7 | \description{Computes the pdf, cdf, value at risk and expected shortfall for the beta Fr\'{e}chet distribution due to Barreto-Souza et al. (2011) given by
| ^
checkRd: (-1) frechet.Rd:7: Lost braces
7 | \description{Computes the pdf, cdf, value at risk and expected shortfall for the Fr\'{e}chet distribution due to Fr\'{e}chet (1927) given by
| ^
checkRd: (-1) frechet.Rd:7: Lost braces
7 | \description{Computes the pdf, cdf, value at risk and expected shortfall for the Fr\'{e}chet distribution due to Fr\'{e}chet (1927) given by
| ^
checkRd: (-1) kumburr7.Rd:7: Lost braces
7 | \description{Computes the pdf, cdf, value at risk and expected shortfall for the Kumaraswamy Burr XII distribution due to Parana\'{i}ba et al. (2013) given by
| ^
Flavors: r-devel-linux-x86_64-debian-clang, r-devel-linux-x86_64-debian-gcc, r-devel-linux-x86_64-fedora-clang, r-devel-linux-x86_64-fedora-gcc, r-devel-windows-x86_64, r-patched-linux-x86_64, r-release-linux-x86_64, r-release-macos-arm64, r-release-macos-x86_64, r-release-windows-x86_64, r-oldrel-macos-arm64, r-oldrel-macos-x86_64, r-oldrel-windows-x86_64