Last updated on 2024-04-23 20:52:22 CEST.
Flavor | Version | Tinstall | Tcheck | Ttotal | Status | Flags |
---|---|---|---|---|---|---|
r-devel-linux-x86_64-debian-clang | 1.0.2 | 14.06 | 92.53 | 106.59 | NOTE | |
r-devel-linux-x86_64-debian-gcc | 1.0.2 | 13.88 | 62.59 | 76.47 | NOTE | |
r-devel-linux-x86_64-fedora-clang | 1.0.2 | 128.44 | NOTE | |||
r-devel-linux-x86_64-fedora-gcc | 1.0.2 | 123.79 | NOTE | |||
r-prerel-macos-arm64 | 1.0.2 | 30.00 | NOTE | |||
r-prerel-windows-x86_64 | 1.0.2 | 12.00 | 90.00 | 102.00 | NOTE | |
r-patched-linux-x86_64 | 1.0.2 | 16.20 | 86.11 | 102.31 | NOTE | |
r-release-linux-x86_64 | 1.0.2 | 16.36 | 87.71 | 104.07 | OK | |
r-release-macos-arm64 | 1.0.2 | 36.00 | OK | |||
r-release-macos-x86_64 | 1.0.2 | 90.00 | OK | |||
r-release-windows-x86_64 | 1.0.2 | 17.00 | 109.00 | 126.00 | OK | |
r-oldrel-macos-arm64 | 1.0.2 | 33.00 | OK | |||
r-oldrel-windows-x86_64 | 1.0.2 | 23.00 | 107.00 | 130.00 | OK |
Version: 1.0.2
Check: Rd files
Result: NOTE
checkRd: (-1) betaburr.Rd:7: Lost braces
7 | \description{Computes the pdf, cdf, value at risk and expected shortfall for the beta Burr distribution due to Parana\'{i}ba et al. (2011) given by
| ^
checkRd: (-1) betafrechet.Rd:7: Lost braces
7 | \description{Computes the pdf, cdf, value at risk and expected shortfall for the beta Fr\'{e}chet distribution due to Barreto-Souza et al. (2011) given by
| ^
checkRd: (-1) frechet.Rd:7: Lost braces
7 | \description{Computes the pdf, cdf, value at risk and expected shortfall for the Fr\'{e}chet distribution due to Fr\'{e}chet (1927) given by
| ^
checkRd: (-1) frechet.Rd:7: Lost braces
7 | \description{Computes the pdf, cdf, value at risk and expected shortfall for the Fr\'{e}chet distribution due to Fr\'{e}chet (1927) given by
| ^
checkRd: (-1) kumburr7.Rd:7: Lost braces
7 | \description{Computes the pdf, cdf, value at risk and expected shortfall for the Kumaraswamy Burr XII distribution due to Parana\'{i}ba et al. (2013) given by
| ^
Flavors: r-devel-linux-x86_64-debian-clang, r-devel-linux-x86_64-debian-gcc, r-devel-linux-x86_64-fedora-clang, r-devel-linux-x86_64-fedora-gcc, r-prerel-macos-arm64, r-prerel-windows-x86_64, r-patched-linux-x86_64