Last updated on 2024-04-18 21:57:09 CEST.
Flavor | Version | Tinstall | Tcheck | Ttotal | Status | Flags |
---|---|---|---|---|---|---|
r-devel-linux-x86_64-debian-clang | 0.1.0 | 15.10 | 132.83 | 147.93 | NOTE | |
r-devel-linux-x86_64-debian-gcc | 0.1.0 | 13.46 | 101.15 | 114.61 | NOTE | |
r-devel-linux-x86_64-fedora-clang | 0.1.0 | 183.28 | NOTE | |||
r-devel-linux-x86_64-fedora-gcc | 0.1.0 | 174.84 | NOTE | |||
r-prerel-macos-arm64 | 0.1.0 | 46.00 | NOTE | |||
r-prerel-windows-x86_64 | 0.1.0 | 17.00 | 104.00 | 121.00 | NOTE | |
r-patched-linux-x86_64 | 0.1.0 | 12.85 | 124.91 | 137.76 | NOTE | |
r-release-linux-x86_64 | 0.1.0 | 13.45 | 128.28 | 141.73 | NOTE | |
r-release-macos-arm64 | 0.1.0 | 58.00 | NOTE | |||
r-release-macos-x86_64 | 0.1.0 | 98.00 | NOTE | |||
r-release-windows-x86_64 | 0.1.0 | 19.00 | 131.00 | 150.00 | NOTE | |
r-oldrel-macos-arm64 | 0.1.0 | 52.00 | NOTE | |||
r-oldrel-windows-x86_64 | 0.1.0 | 18.00 | 131.00 | 149.00 | NOTE |
Version: 0.1.0
Check: LazyData
Result: NOTE
'LazyData' is specified without a 'data' directory
Flavors: r-devel-linux-x86_64-debian-clang, r-devel-linux-x86_64-debian-gcc, r-devel-linux-x86_64-fedora-clang, r-devel-linux-x86_64-fedora-gcc, r-prerel-macos-arm64, r-prerel-windows-x86_64, r-patched-linux-x86_64, r-release-linux-x86_64, r-release-macos-arm64, r-release-macos-x86_64, r-release-windows-x86_64, r-oldrel-macos-arm64, r-oldrel-windows-x86_64