Last updated on 2024-04-22 20:53:54 CEST.
Flavor | Version | Tinstall | Tcheck | Ttotal | Status | Flags |
---|---|---|---|---|---|---|
r-devel-linux-x86_64-debian-clang | 6.2.2 | 34.30 | 231.24 | 265.54 | OK | |
r-devel-linux-x86_64-debian-gcc | 6.2.2 | 30.38 | 170.96 | 201.34 | OK | |
r-devel-linux-x86_64-fedora-clang | 6.2.2 | 345.45 | NOTE | |||
r-devel-linux-x86_64-fedora-gcc | 6.2.2 | 351.01 | NOTE | |||
r-prerel-macos-arm64 | 6.2.2 | 92.00 | NOTE | |||
r-prerel-windows-x86_64 | 6.2.2 | 34.00 | 191.00 | 225.00 | NOTE | |
r-patched-linux-x86_64 | 6.2.2 | 47.26 | 214.53 | 261.79 | OK | |
r-release-linux-x86_64 | 6.2.2 | 43.71 | 217.00 | 260.71 | OK | |
r-release-macos-arm64 | 6.2.2 | 99.00 | NOTE | |||
r-release-macos-x86_64 | 6.2.2 | 172.00 | NOTE | |||
r-release-windows-x86_64 | 6.2.2 | 46.00 | 244.00 | 290.00 | NOTE | |
r-oldrel-macos-arm64 | 6.2.2 | 80.00 | NOTE | |||
r-oldrel-windows-x86_64 | 6.2.2 | 44.00 | 228.00 | 272.00 | NOTE |
Version: 6.2.2
Check: dependencies in R code
Result: NOTE
Namespace in Imports field not imported from: ‘magrittr’
All declared Imports should be used.
Flavors: r-devel-linux-x86_64-fedora-clang, r-devel-linux-x86_64-fedora-gcc, r-oldrel-macos-arm64
Version: 6.2.2
Check: Rd cross-references
Result: NOTE
Undeclared package ‘mi’ in Rd xrefs
Flavor: r-devel-linux-x86_64-fedora-clang
Version: 6.2.2
Check: data for non-ASCII characters
Result: NOTE
Note: found 2754 marked UTF-8 strings
Flavors: r-devel-linux-x86_64-fedora-clang, r-devel-linux-x86_64-fedora-gcc, r-oldrel-macos-arm64
Version: 6.2.2
Check: installed package size
Result: NOTE
installed size is 5.2Mb
sub-directories of 1Mb or more:
doc 2.7Mb
libs 1.0Mb
Flavors: r-prerel-macos-arm64, r-prerel-windows-x86_64, r-release-macos-arm64, r-release-macos-x86_64, r-release-windows-x86_64, r-oldrel-macos-arm64, r-oldrel-windows-x86_64