Last updated on 2025-11-16 01:49:34 CET.
| Flavor | Version | Tinstall | Tcheck | Ttotal | Status | Flags |
|---|---|---|---|---|---|---|
| r-devel-linux-x86_64-debian-clang | 1.0.2 | 3.00 | 39.29 | 42.29 | NOTE | |
| r-devel-linux-x86_64-debian-gcc | 1.0.2 | 1.43 | 31.78 | 33.21 | NOTE | |
| r-devel-linux-x86_64-fedora-clang | 1.0.2 | 65.22 | OK | |||
| r-devel-linux-x86_64-fedora-gcc | 1.0.2 | 76.97 | OK | |||
| r-devel-windows-x86_64 | 1.0.2 | 7.00 | 66.00 | 73.00 | OK | |
| r-patched-linux-x86_64 | 1.0.2 | 3.33 | 37.32 | 40.65 | OK | |
| r-release-linux-x86_64 | 1.0.2 | 2.47 | 37.19 | 39.66 | OK | |
| r-release-macos-arm64 | 1.0.2 | 2.00 | 35.00 | 37.00 | OK | |
| r-release-macos-x86_64 | 1.0.2 | 2.00 | 62.00 | 64.00 | OK | |
| r-release-windows-x86_64 | 1.0.2 | 4.00 | 66.00 | 70.00 | OK | |
| r-oldrel-macos-arm64 | 1.0.2 | 1.00 | 28.00 | 29.00 | OK | |
| r-oldrel-macos-x86_64 | 1.0.2 | 2.00 | 54.00 | 56.00 | OK | |
| r-oldrel-windows-x86_64 | 1.0.2 | 6.00 | 79.00 | 85.00 | OK |
Version: 1.0.2
Check: CRAN incoming feasibility
Result: NOTE
Maintainer: ‘Sarah Goslee <Sarah.Goslee@ars.usda.gov>’
Package CITATION file contains call(s) to old-style personList() or
as.personList(). Please use c() on person objects instead.
Package CITATION file contains call(s) to old-style citEntry(). Please
use bibentry() instead.
Flavors: r-devel-linux-x86_64-debian-clang, r-devel-linux-x86_64-debian-gcc