Last updated on 2024-04-17 20:57:52 CEST.
Flavor | Version | Tinstall | Tcheck | Ttotal | Status | Flags |
---|---|---|---|---|---|---|
r-devel-linux-x86_64-debian-clang | 4.4.2 | 34.29 | 45.93 | 80.22 | OK | |
r-devel-linux-x86_64-debian-gcc | 4.4.2 | 23.83 | 35.02 | 58.85 | OK | |
r-devel-linux-x86_64-fedora-gcc | 4.4.2 | 118.37 | OK | |||
r-prerel-macos-arm64 | 4.4.2 | 60.00 | NOTE | |||
r-prerel-macos-x86_64 | 4.4.2 | 135.00 | NOTE | |||
r-prerel-windows-x86_64 | 4.4.2 | 50.00 | 127.00 | 177.00 | NOTE | |
r-patched-linux-x86_64 | 4.4.2 | 31.03 | 44.76 | 75.79 | OK | |
r-release-linux-x86_64 | 4.4.2 | 28.53 | 44.18 | 72.71 | OK | |
r-release-macos-arm64 | 4.4.2 | 75.00 | NOTE | |||
r-release-macos-x86_64 | 4.4.2 | 196.00 | NOTE | |||
r-release-windows-x86_64 | 4.4.2 | 88.00 | 166.00 | 254.00 | NOTE | |
r-oldrel-macos-arm64 | 4.4.2 | 71.00 | NOTE | |||
r-oldrel-windows-x86_64 | 4.4.2 | 68.00 | 196.00 | 264.00 | NOTE |
Version: 4.4.2
Check: installed package size
Result: NOTE
installed size is 38.2Mb
sub-directories of 1Mb or more:
doc 1.8Mb
libs 36.2Mb
Flavors: r-prerel-macos-arm64, r-prerel-macos-x86_64, r-prerel-windows-x86_64, r-release-macos-arm64, r-release-macos-x86_64, r-release-windows-x86_64, r-oldrel-macos-arm64, r-oldrel-windows-x86_64