Last updated on 2025-11-03 21:50:40 CET.
| Flavor | Version | Tinstall | Tcheck | Ttotal | Status | Flags | 
|---|---|---|---|---|---|---|
| r-devel-linux-x86_64-debian-clang | 0.1.10 | 3.62 | 38.41 | 42.03 | NOTE | |
| r-devel-linux-x86_64-debian-gcc | 0.1.10 | 2.56 | 26.06 | 28.62 | NOTE | |
| r-devel-linux-x86_64-fedora-clang | 0.1.10 | 66.25 | OK | |||
| r-devel-linux-x86_64-fedora-gcc | 0.1.10 | 62.23 | OK | |||
| r-devel-windows-x86_64 | 0.1.10 | 6.00 | 52.00 | 58.00 | OK | |
| r-patched-linux-x86_64 | 0.1.10 | 4.36 | 35.40 | 39.76 | OK | |
| r-release-linux-x86_64 | 0.1.10 | 3.97 | 35.77 | 39.74 | OK | |
| r-release-macos-arm64 | 0.1.10 | 2.00 | 19.00 | 21.00 | OK | |
| r-release-macos-x86_64 | 0.1.10 | 3.00 | 36.00 | 39.00 | OK | |
| r-release-windows-x86_64 | 0.1.10 | 5.00 | 51.00 | 56.00 | OK | |
| r-oldrel-macos-arm64 | 0.1.10 | 2.00 | 17.00 | 19.00 | OK | |
| r-oldrel-macos-x86_64 | 0.1.10 | 4.00 | 29.00 | 33.00 | OK | |
| r-oldrel-windows-x86_64 | 0.1.10 | 4.00 | 51.00 | 55.00 | OK | 
Version: 0.1.10
Check: CRAN incoming feasibility
Result: NOTE
  Maintainer: ‘Chia-Wei Hsu <Chia-Wei.Hsu@stjude.org>’
  
  No Authors@R field in DESCRIPTION.
  Please add one, modifying
    Authors@R: c(person(given = "Chia-Wei",
                        family = "Hsu",
                        role = c("aut", "cre"),
                        email = "chia-wei.hsu@stjude.org"),
                 person(given = "Haitao",
                        family = "Pan",
                        role = "aut"),
                 person(given = "Rongji",
                        family = "Mu",
                        role = "aut"))
  as necessary.
Flavors: r-devel-linux-x86_64-debian-clang, r-devel-linux-x86_64-debian-gcc