Last updated on 2025-05-08 20:49:51 CEST.
Flavor | Version | Tinstall | Tcheck | Ttotal | Status | Flags |
---|---|---|---|---|---|---|
r-devel-linux-x86_64-debian-clang | 1.0.1 | 6.04 | 47.84 | 53.88 | OK | |
r-devel-linux-x86_64-debian-gcc | 1.0.1 | 3.68 | 34.30 | 37.98 | OK | |
r-devel-linux-x86_64-fedora-clang | 1.0.1 | 77.48 | NOTE | |||
r-devel-linux-x86_64-fedora-gcc | 1.0.1 | 84.49 | NOTE | |||
r-devel-windows-x86_64 | 1.0.1 | 8.00 | 65.00 | 73.00 | OK | |
r-patched-linux-x86_64 | 1.0.1 | 5.87 | 45.26 | 51.13 | OK | |
r-release-linux-x86_64 | 1.0.1 | 5.05 | 47.13 | 52.18 | OK | |
r-release-macos-arm64 | 1.0.1 | 28.00 | OK | |||
r-release-macos-x86_64 | 1.0.1 | 42.00 | OK | |||
r-release-windows-x86_64 | 1.0.1 | 8.00 | 66.00 | 74.00 | OK | |
r-oldrel-macos-arm64 | 1.0.1 | 22.00 | NOTE | |||
r-oldrel-macos-x86_64 | 1.0.1 | 37.00 | NOTE | |||
r-oldrel-windows-x86_64 | 1.0.1 | 9.00 | 78.00 | 87.00 | NOTE |
Version: 1.0.1
Check: dependencies in R code
Result: NOTE
Namespace in Imports field not imported from: ‘dplyr’
All declared Imports should be used.
Flavors: r-devel-linux-x86_64-fedora-clang, r-devel-linux-x86_64-fedora-gcc
Version: 1.0.1
Check: LazyData
Result: NOTE
'LazyData' is specified without a 'data' directory
Flavors: r-oldrel-macos-arm64, r-oldrel-macos-x86_64, r-oldrel-windows-x86_64