Last updated on 2025-11-02 23:49:55 CET.
| Flavor | Version | Tinstall | Tcheck | Ttotal | Status | Flags |
|---|---|---|---|---|---|---|
| r-devel-linux-x86_64-debian-clang | 2.1 | 5.58 | 37.34 | 42.92 | NOTE | |
| r-devel-linux-x86_64-debian-gcc | 2.1 | 4.50 | 26.48 | 30.98 | NOTE | |
| r-devel-linux-x86_64-fedora-clang | 2.1 | 15.00 | 51.33 | 66.33 | OK | |
| r-devel-linux-x86_64-fedora-gcc | 2.1 | 14.00 | 51.20 | 65.20 | OK | |
| r-devel-windows-x86_64 | 2.1 | 7.00 | 49.00 | 56.00 | OK | |
| r-patched-linux-x86_64 | 2.1 | 6.64 | 35.03 | 41.67 | OK | |
| r-release-linux-x86_64 | 2.1 | 6.36 | 34.59 | 40.95 | OK | |
| r-release-macos-arm64 | 2.1 | 2.00 | 19.00 | 21.00 | OK | |
| r-release-macos-x86_64 | 2.1 | 5.00 | 33.00 | 38.00 | OK | |
| r-release-windows-x86_64 | 2.1 | 7.00 | 51.00 | 58.00 | OK | |
| r-oldrel-macos-arm64 | 2.1 | 3.00 | 17.00 | 20.00 | OK | |
| r-oldrel-macos-x86_64 | 2.1 | 4.00 | 26.00 | 30.00 | OK | |
| r-oldrel-windows-x86_64 | 2.1 | 7.00 | 60.00 | 67.00 | OK |
Version: 2.1
Check: CRAN incoming feasibility
Result: NOTE
Maintainer: ‘Kaniav Kamary <kamary@ceremade.dauphine.fr>’
No Authors@R field in DESCRIPTION.
Please add one, modifying
Authors@R: c(person(given = "Kaniav",
family = "Kamary",
role = c("aut", "cre"),
email = "kamary@ceremade.dauphine.fr"),
person(given = "Kate",
family = "Lee",
role = "aut"))
as necessary.
Flavors: r-devel-linux-x86_64-debian-clang, r-devel-linux-x86_64-debian-gcc