CRAN Package Check Results for Package USP

Last updated on 2025-02-21 19:50:43 CET.

Flavor Version Tinstall Tcheck Ttotal Status Flags
r-devel-linux-x86_64-debian-clang 0.1.2 2.15 25.71 27.86 OK
r-devel-linux-x86_64-debian-gcc 0.1.2 1.35 20.68 22.03 OK
r-devel-linux-x86_64-fedora-clang 0.1.2 42.67 OK
r-devel-linux-x86_64-fedora-gcc 0.1.2 41.84 OK
r-devel-macos-arm64 0.1.2 19.00 OK
r-devel-macos-x86_64 0.1.2 33.00 OK
r-devel-windows-x86_64 0.1.2 3.00 51.00 54.00 OK
r-patched-linux-x86_64 0.1.2 2.19 24.15 26.34 NOTE
r-release-linux-x86_64 0.1.2 1.64 24.08 25.72 NOTE
r-release-macos-arm64 0.1.2 20.00 NOTE
r-release-macos-x86_64 0.1.2 28.00 NOTE
r-release-windows-x86_64 0.1.2 3.00 52.00 55.00 NOTE
r-oldrel-macos-arm64 0.1.2 21.00 NOTE
r-oldrel-macos-x86_64 0.1.2 35.00 NOTE
r-oldrel-windows-x86_64 0.1.2 4.00 52.00 56.00 NOTE

Check Details

Version: 0.1.2
Check: LazyData
Result: NOTE 'LazyData' is specified without a 'data' directory Flavors: r-patched-linux-x86_64, r-release-linux-x86_64, r-release-macos-arm64, r-release-macos-x86_64, r-release-windows-x86_64, r-oldrel-macos-arm64, r-oldrel-macos-x86_64, r-oldrel-windows-x86_64