CRAN Package Check Results for Package USA.state.boundaries

Last updated on 2025-05-07 20:50:00 CEST.

Flavor Version Tinstall Tcheck Ttotal Status Flags
r-devel-linux-x86_64-debian-clang 1.0.1 8.40 19.14 27.54 NOTE
r-devel-linux-x86_64-debian-gcc 1.0.1 7.52 15.99 23.51 NOTE
r-devel-linux-x86_64-fedora-clang 1.0.1 44.22 OK
r-devel-linux-x86_64-fedora-gcc 1.0.1 42.79 OK
r-devel-windows-x86_64 1.0.1 9.00 40.00 49.00 OK
r-patched-linux-x86_64 1.0.1 7.51 17.61 25.12 OK
r-release-linux-x86_64 1.0.1 7.86 17.50 25.36 OK
r-release-macos-arm64 1.0.1 23.00 OK
r-release-macos-x86_64 1.0.1 32.00 OK
r-release-windows-x86_64 1.0.1 9.00 40.00 49.00 OK
r-oldrel-macos-arm64 1.0.1 21.00 NOTE
r-oldrel-macos-x86_64 1.0.1 28.00 NOTE
r-oldrel-windows-x86_64 1.0.1 10.00 42.00 52.00 NOTE

Check Details

Version: 1.0.1
Check: CRAN incoming feasibility
Result: NOTE Maintainer: ‘Irucka Embry <iembry@ecoccs.com>’ No Authors@R field in DESCRIPTION. Please add one, modifying Authors@R: person(given = "Irucka", family = "Embry", role = c("aut", "cre"), email = "iembry@ecoccs.com") as necessary. Flavors: r-devel-linux-x86_64-debian-clang, r-devel-linux-x86_64-debian-gcc

Version: 1.0.1
Check: package dependencies
Result: NOTE Package suggested but not available for checking: ‘USA.state.boundaries.data’ Flavors: r-oldrel-macos-arm64, r-oldrel-macos-x86_64, r-oldrel-windows-x86_64

Version: 1.0.1
Check: installed package size
Result: NOTE installed size is 7.2Mb sub-directories of 1Mb or more: data 7.1Mb Flavors: r-oldrel-macos-arm64, r-oldrel-macos-x86_64, r-oldrel-windows-x86_64