Last updated on 2025-05-09 20:50:06 CEST.
Flavor | Version | Tinstall | Tcheck | Ttotal | Status | Flags |
---|---|---|---|---|---|---|
r-devel-linux-x86_64-debian-clang | 1.0.3 | 2.16 | 25.53 | 27.69 | NOTE | |
r-devel-linux-x86_64-debian-gcc | 1.0.3 | 1.66 | 19.07 | 20.73 | NOTE | |
r-devel-linux-x86_64-fedora-clang | 1.0.3 | 43.20 | OK | |||
r-devel-linux-x86_64-fedora-gcc | 1.0.3 | 41.62 | OK | |||
r-devel-windows-x86_64 | 1.0.3 | 3.00 | 44.00 | 47.00 | OK | |
r-patched-linux-x86_64 | 1.0.3 | 2.57 | 24.71 | 27.28 | OK | |
r-release-linux-x86_64 | 1.0.3 | 2.46 | 24.64 | 27.10 | OK | |
r-release-macos-arm64 | 1.0.3 | 19.00 | OK | |||
r-release-macos-x86_64 | 1.0.3 | 28.00 | OK | |||
r-release-windows-x86_64 | 1.0.3 | 3.00 | 46.00 | 49.00 | OK | |
r-oldrel-macos-arm64 | 1.0.3 | 18.00 | OK | |||
r-oldrel-macos-x86_64 | 1.0.3 | 22.00 | OK | |||
r-oldrel-windows-x86_64 | 1.0.3 | 6.00 | 44.00 | 50.00 | OK |
Version: 1.0.3
Check: CRAN incoming feasibility
Result: NOTE
Maintainer: ‘Christophe Zemmour <christophe.zemmour@gmail.com>’
No Authors@R field in DESCRIPTION.
Please add one, modifying
Authors@R: c(person(given = c("Benjamin", "Esterni", "with", "contribution", "from", "Baboukar"),
family = "Mane",
role = "aut"),
person(given = "Christophe",
family = "Zemmour",
role = "cre",
email = "christophe.zemmour@gmail.com"))
as necessary.
Flavors: r-devel-linux-x86_64-debian-clang, r-devel-linux-x86_64-debian-gcc