Last updated on 2024-03-28 19:48:48 CET.
Flavor | Version | Tinstall | Tcheck | Ttotal | Status | Flags |
---|---|---|---|---|---|---|
r-devel-linux-x86_64-debian-clang | 0.1.0 | 12.64 | 114.92 | 127.56 | OK | |
r-devel-linux-x86_64-debian-gcc | 0.1.0 | 10.30 | 86.75 | 97.05 | OK | |
r-devel-linux-x86_64-fedora-clang | 0.1.0 | 160.83 | NOTE | |||
r-devel-linux-x86_64-fedora-gcc | 0.1.0 | 169.10 | NOTE | |||
r-devel-windows-x86_64 | 0.1.0 | 11.00 | 94.00 | 105.00 | OK | |
r-patched-linux-x86_64 | 0.1.0 | 11.70 | 107.99 | 119.69 | OK | |
r-release-linux-x86_64 | 0.1.0 | 12.67 | 108.90 | 121.57 | OK | |
r-release-macos-arm64 | 0.1.0 | 54.00 | OK | |||
r-release-macos-x86_64 | 0.1.0 | 88.00 | OK | |||
r-release-windows-x86_64 | 0.1.0 | 17.00 | 139.00 | 156.00 | OK | |
r-oldrel-macos-arm64 | 0.1.0 | 43.00 | NOTE | |||
r-oldrel-windows-x86_64 | 0.1.0 | 16.00 | 137.00 | 153.00 | OK |
Version: 0.1.0
Check: data for non-ASCII characters
Result: NOTE
Note: found 34 marked Latin-1 strings
Flavors: r-devel-linux-x86_64-fedora-clang, r-devel-linux-x86_64-fedora-gcc, r-oldrel-macos-arm64