Last updated on 2024-03-28 19:48:48 CET.
Flavor | Version | Tinstall | Tcheck | Ttotal | Status | Flags |
---|---|---|---|---|---|---|
r-devel-linux-x86_64-debian-clang | 0.1.2 | 4.46 | 36.64 | 41.10 | NOTE | |
r-devel-linux-x86_64-debian-gcc | 0.1.2 | 2.59 | 28.32 | 30.91 | NOTE | |
r-devel-linux-x86_64-fedora-clang | 0.1.2 | 57.47 | NOTE | |||
r-devel-linux-x86_64-fedora-gcc | 0.1.2 | 51.14 | NOTE | |||
r-devel-windows-x86_64 | 0.1.2 | 6.00 | 51.00 | 57.00 | NOTE | |
r-patched-linux-x86_64 | 0.1.2 | 3.24 | 35.13 | 38.37 | NOTE | |
r-release-linux-x86_64 | 0.1.2 | 3.19 | 36.38 | 39.57 | OK | |
r-release-macos-arm64 | 0.1.2 | 21.00 | OK | |||
r-release-macos-x86_64 | 0.1.2 | 28.00 | OK | |||
r-release-windows-x86_64 | 0.1.2 | 7.00 | 123.00 | 130.00 | OK | |
r-oldrel-macos-arm64 | 0.1.2 | 20.00 | OK | |||
r-oldrel-windows-x86_64 | 0.1.2 | 9.00 | 75.00 | 84.00 | OK |
Version: 0.1.2
Check: Rd files
Result: NOTE
checkRd: (-1) fit_stm.Rd:25: Lost braces
25 | \item{xcov}{Either a \[stats]{formula} with an empty left-hand side specifying external covariates
| ^
Flavors: r-devel-linux-x86_64-debian-clang, r-devel-linux-x86_64-debian-gcc, r-devel-linux-x86_64-fedora-clang, r-devel-linux-x86_64-fedora-gcc, r-devel-windows-x86_64, r-patched-linux-x86_64