Last updated on 2025-11-23 20:49:05 CET.
| Flavor | Version | Tinstall | Tcheck | Ttotal | Status | Flags |
|---|---|---|---|---|---|---|
| r-devel-linux-x86_64-debian-clang | 0.3.0 | 2.58 | 49.10 | 51.68 | NOTE | |
| r-devel-linux-x86_64-debian-gcc | 0.3.0 | 1.61 | 41.02 | 42.63 | NOTE | |
| r-devel-linux-x86_64-fedora-clang | 0.3.0 | 76.49 | NOTE | |||
| r-devel-windows-x86_64 | 0.3.0 | 5.00 | 118.00 | 123.00 | NOTE | |
| r-patched-linux-x86_64 | 0.3.0 | 2.74 | 46.25 | 48.99 | NOTE | |
| r-release-linux-x86_64 | 0.3.0 | 2.45 | 46.18 | 48.63 | NOTE | |
| r-release-macos-arm64 | 0.3.0 | NOTE | ||||
| r-release-macos-x86_64 | 0.3.0 | 3.00 | 131.00 | 134.00 | NOTE | |
| r-release-windows-x86_64 | 0.3.0 | 5.00 | 220.00 | 225.00 | NOTE | |
| r-oldrel-macos-arm64 | 0.3.0 | NOTE | ||||
| r-oldrel-macos-x86_64 | 0.3.0 | 2.00 | 85.00 | 87.00 | NOTE | |
| r-oldrel-windows-x86_64 | 0.3.0 | 5.00 | 266.00 | 271.00 | NOTE |
Version: 0.3.0
Check: package subdirectories
Result: NOTE
Problems with news in ‘NEWS.md’:
No news entries found.
Flavors: r-devel-linux-x86_64-debian-clang, r-devel-linux-x86_64-debian-gcc, r-devel-linux-x86_64-fedora-clang, r-devel-windows-x86_64, r-patched-linux-x86_64, r-release-linux-x86_64, r-release-macos-arm64, r-release-macos-x86_64, r-release-windows-x86_64, r-oldrel-macos-arm64, r-oldrel-macos-x86_64, r-oldrel-windows-x86_64