Last updated on 2023-06-07 21:01:35 CEST.
Flavor | Version | Tinstall | Tcheck | Ttotal | Status | Flags |
---|---|---|---|---|---|---|
r-devel-linux-x86_64-debian-clang | 1.0.1 | 169.98 | 228.62 | 398.60 | NOTE | |
r-devel-linux-x86_64-debian-gcc | 1.0.1 | 141.32 | 177.73 | 319.05 | NOTE | |
r-devel-linux-x86_64-fedora-clang | 1.0.1 | 471.17 | NOTE | |||
r-devel-linux-x86_64-fedora-gcc | 1.0.1 | 543.95 | NOTE | |||
r-devel-windows-x86_64 | 1.0.1 | 122.00 | 237.00 | 359.00 | NOTE | |
r-patched-linux-x86_64 | 1.0.1 | 139.84 | 219.73 | 359.57 | NOTE | |
r-release-linux-x86_64 | 1.0.1 | 110.35 | 229.68 | 340.03 | NOTE | |
r-release-macos-arm64 | 1.0.1 | 171.00 | NOTE | |||
r-release-macos-x86_64 | 1.0.1 | 239.00 | NOTE | |||
r-release-windows-x86_64 | 1.0.1 | 161.00 | 275.00 | 436.00 | NOTE | |
r-oldrel-macos-arm64 | 1.0.1 | 142.00 | NOTE | |||
r-oldrel-macos-x86_64 | 1.0.1 | 236.00 | NOTE | |||
r-oldrel-windows-x86_64 | 1.0.1 | 146.00 | 439.00 | 585.00 | NOTE |
Version: 1.0.1
Check: for GNU extensions in Makefiles
Result: NOTE
GNU make is a SystemRequirements.
Flavors: r-devel-linux-x86_64-debian-clang, r-devel-linux-x86_64-debian-gcc, r-devel-linux-x86_64-fedora-clang, r-devel-linux-x86_64-fedora-gcc, r-devel-windows-x86_64, r-patched-linux-x86_64, r-release-linux-x86_64, r-release-macos-arm64, r-release-macos-x86_64, r-release-windows-x86_64, r-oldrel-macos-arm64, r-oldrel-macos-x86_64, r-oldrel-windows-x86_64
Version: 1.0.1
Check: dependencies in R code
Result: NOTE
Namespaces in Imports field not imported from:
‘RcppParallel’ ‘rstantools’
All declared Imports should be used.
Flavors: r-devel-linux-x86_64-fedora-clang, r-devel-linux-x86_64-fedora-gcc, r-oldrel-macos-arm64, r-oldrel-macos-x86_64
Version: 1.0.1
Check: installed package size
Result: NOTE
installed size is 38.9Mb
sub-directories of 1Mb or more:
libs 38.3Mb
Flavors: r-release-macos-arm64, r-release-macos-x86_64, r-oldrel-macos-arm64, r-oldrel-macos-x86_64