Last updated on 2024-03-28 19:48:48 CET.
Flavor | Version | Tinstall | Tcheck | Ttotal | Status | Flags |
---|---|---|---|---|---|---|
r-devel-linux-x86_64-debian-clang | 1.10.0 | 77.03 | 186.02 | 263.05 | NOTE | |
r-devel-linux-x86_64-debian-gcc | 1.10.0 | 76.05 | 134.58 | 210.63 | NOTE | |
r-devel-linux-x86_64-fedora-clang | 1.10.0 | 343.91 | NOTE | |||
r-devel-linux-x86_64-fedora-gcc | 1.10.0 | 370.48 | NOTE | |||
r-devel-windows-x86_64 | 1.10.0 | 74.00 | 184.00 | 258.00 | NOTE | |
r-patched-linux-x86_64 | 1.10.0 | 98.24 | 179.66 | 277.90 | NOTE | |
r-release-linux-x86_64 | 1.10.0 | 88.00 | 175.51 | 263.51 | OK | |
r-release-macos-arm64 | 1.10.0 | 90.00 | NOTE | |||
r-release-macos-x86_64 | 1.10.0 | 213.00 | NOTE | |||
r-release-windows-x86_64 | 1.10.0 | 91.00 | 272.00 | 363.00 | OK | |
r-oldrel-macos-arm64 | 1.10.0 | 82.00 | NOTE | |||
r-oldrel-windows-x86_64 | 1.10.0 | 86.00 | 263.00 | 349.00 | OK |
Version: 1.10.0
Check: Rd files
Result: NOTE
checkRd: (-1) ReadTntTree.Rd:37: Lost braces
37 | \link{TNTOrder}{\code{tnt} order},
| ^
Flavors: r-devel-linux-x86_64-debian-clang, r-devel-linux-x86_64-debian-gcc, r-devel-linux-x86_64-fedora-clang, r-devel-linux-x86_64-fedora-gcc, r-devel-windows-x86_64, r-patched-linux-x86_64
Version: 1.10.0
Check: installed package size
Result: NOTE
installed size is 5.3Mb
sub-directories of 1Mb or more:
R 1.1Mb
libs 3.2Mb
Flavors: r-release-macos-arm64, r-release-macos-x86_64, r-oldrel-macos-arm64