CRAN Package Check Results for Package TreeSim

Last updated on 2025-11-25 20:51:10 CET.

Flavor Version Tinstall Tcheck Ttotal Status Flags
r-devel-linux-x86_64-debian-clang 2.4 11.52 87.02 98.54 NOTE
r-devel-linux-x86_64-debian-gcc 2.4 8.08 64.33 72.41 NOTE
r-devel-linux-x86_64-fedora-clang 2.4 25.00 125.31 150.31 OK
r-devel-linux-x86_64-fedora-gcc 2.4 25.00 118.76 143.76 OK
r-devel-windows-x86_64 2.4 16.00 92.00 108.00 OK
r-patched-linux-x86_64 2.4 10.54 82.25 92.79 OK
r-release-linux-x86_64 2.4 11.53 82.31 93.84 OK
r-release-macos-arm64 2.4 OK
r-release-macos-x86_64 2.4 12.00 76.00 88.00 OK
r-release-windows-x86_64 2.4 14.00 103.00 117.00 OK
r-oldrel-macos-arm64 2.4 OK
r-oldrel-macos-x86_64 2.4 8.00 57.00 65.00 OK
r-oldrel-windows-x86_64 2.4 18.00 245.00 263.00 OK

Check Details

Version: 2.4
Check: CRAN incoming feasibility
Result: NOTE Maintainer: ‘Tanja Stadler <tanja.stadler@bsse.ethz.ch>’ No Authors@R field in DESCRIPTION. Please add one, modifying Authors@R: person(given = "Tanja", family = "Stadler", role = c("aut", "cre"), email = "tanja.stadler@bsse.ethz.ch") as necessary. Flavors: r-devel-linux-x86_64-debian-clang, r-devel-linux-x86_64-debian-gcc