CRAN Package Check Results for Package TreeSearch

Last updated on 2022-12-04 20:53:38 CET.

Flavor Version Tinstall Tcheck Ttotal Status Flags
r-devel-linux-x86_64-debian-clang 1.2.0 49.79 412.97 462.76 OK
r-devel-linux-x86_64-debian-gcc 1.2.0 41.88 301.13 343.01 OK
r-devel-linux-x86_64-fedora-clang 1.2.0 582.45 OK
r-devel-linux-x86_64-fedora-gcc 1.2.0 604.98 OK
r-devel-windows-x86_64 1.2.0 179.00 462.00 641.00 NOTE
r-patched-linux-x86_64 1.2.0 51.90 378.96 430.86 OK
r-release-linux-x86_64 1.2.0 34.27 377.58 411.85 OK
r-release-macos-arm64 1.2.0 131.00 NOTE
r-release-macos-x86_64 1.2.0 192.00 NOTE
r-release-windows-x86_64 1.2.0 197.00 456.00 653.00 NOTE
r-oldrel-macos-arm64 1.2.0 132.00 NOTE
r-oldrel-macos-x86_64 1.2.0 193.00 NOTE
r-oldrel-windows-ix86+x86_64 1.2.0 120.00 630.00 750.00 NOTE

Check Details

Version: 1.2.0
Check: installed package size
Result: NOTE
     installed size is 5.1Mb
     sub-directories of 1Mb or more:
     datasets 1.6Mb
     libs 1.1Mb
Flavors: r-devel-windows-x86_64, r-release-macos-arm64, r-release-macos-x86_64, r-release-windows-x86_64, r-oldrel-macos-arm64, r-oldrel-macos-x86_64, r-oldrel-windows-ix86+x86_64