Last updated on 2024-03-28 19:48:48 CET.
Flavor | Version | Tinstall | Tcheck | Ttotal | Status | Flags |
---|---|---|---|---|---|---|
r-devel-linux-x86_64-debian-clang | 2.7.0 | 62.41 | 283.76 | 346.17 | NOTE | |
r-devel-linux-x86_64-debian-gcc | 2.7.0 | 44.64 | 216.06 | 260.70 | NOTE | |
r-devel-linux-x86_64-fedora-clang | 2.7.0 | 473.72 | NOTE | |||
r-devel-linux-x86_64-fedora-gcc | 2.7.0 | 464.02 | NOTE | |||
r-devel-windows-x86_64 | 2.7.0 | 50.00 | 267.00 | 317.00 | NOTE | |
r-patched-linux-x86_64 | 2.7.0 | 53.42 | 276.94 | 330.36 | NOTE | |
r-release-linux-x86_64 | 2.7.0 | 40.98 | 280.07 | 321.05 | NOTE | |
r-release-macos-arm64 | 2.7.0 | 145.00 | NOTE | |||
r-release-macos-x86_64 | 2.7.0 | 288.00 | NOTE | |||
r-release-windows-x86_64 | 2.7.0 | 60.00 | 359.00 | 419.00 | NOTE | |
r-oldrel-macos-arm64 | 2.7.0 | 135.00 | NOTE | |||
r-oldrel-windows-x86_64 | 2.7.0 | 59.00 | 369.00 | 428.00 | NOTE |
Version: 2.7.0
Check: package dependencies
Result: NOTE
Package suggested but not available for checking: ‘TreeDistData’
Flavors: r-devel-linux-x86_64-debian-clang, r-devel-linux-x86_64-debian-gcc, r-devel-linux-x86_64-fedora-clang, r-devel-linux-x86_64-fedora-gcc, r-devel-windows-x86_64, r-patched-linux-x86_64, r-release-linux-x86_64, r-release-macos-arm64, r-release-macos-x86_64, r-release-windows-x86_64, r-oldrel-macos-arm64, r-oldrel-windows-x86_64
Version: 2.7.0
Check: installed package size
Result: NOTE
installed size is 5.9Mb
sub-directories of 1Mb or more:
doc 5.0Mb
Flavors: r-devel-linux-x86_64-fedora-clang, r-devel-windows-x86_64, r-release-macos-arm64, r-release-macos-x86_64, r-release-windows-x86_64, r-oldrel-macos-arm64, r-oldrel-windows-x86_64