Last updated on 2024-07-17 20:57:14 CEST.
Flavor | Version | Tinstall | Tcheck | Ttotal | Status | Flags |
---|---|---|---|---|---|---|
r-devel-linux-x86_64-debian-clang | 2.1.1 | 15.23 | 120.50 | 135.73 | NOTE | |
r-devel-linux-x86_64-debian-gcc | 2.1.1 | 12.69 | 87.32 | 100.01 | NOTE | |
r-devel-linux-x86_64-fedora-clang | 2.1.1 | 172.94 | NOTE | |||
r-devel-linux-x86_64-fedora-gcc | 2.1.1 | 156.22 | NOTE | |||
r-devel-windows-x86_64 | 2.1.1 | 13.00 | 98.00 | 111.00 | NOTE | |
r-patched-linux-x86_64 | 2.1.1 | 13.79 | 115.86 | 129.65 | NOTE | |
r-release-linux-x86_64 | 2.1.1 | 15.26 | 111.94 | 127.20 | NOTE | |
r-release-macos-arm64 | 2.1.1 | 46.00 | NOTE | |||
r-release-macos-x86_64 | 2.1.1 | 73.00 | NOTE | |||
r-release-windows-x86_64 | 2.1.1 | 15.00 | 102.00 | 117.00 | NOTE | |
r-oldrel-macos-arm64 | 2.1.1 | 69.00 | OK | |||
r-oldrel-macos-x86_64 | 2.1.1 | 82.00 | OK | |||
r-oldrel-windows-x86_64 | 2.1.1 | 20.00 | 120.00 | 140.00 | OK |
Version: 2.1.1
Check: Rd files
Result: NOTE
checkRd: (-1) trtsel.Rd:69: Lost braces; missing escapes or markup?
69 | numeric with two values {0,1} and gaussian(link = "identity") otherwise.
| ^
Flavors: r-devel-linux-x86_64-debian-clang, r-devel-linux-x86_64-debian-gcc, r-devel-linux-x86_64-fedora-clang, r-devel-linux-x86_64-fedora-gcc, r-devel-windows-x86_64, r-patched-linux-x86_64, r-release-linux-x86_64, r-release-macos-arm64, r-release-macos-x86_64, r-release-windows-x86_64