CRAN Package Check Results for Package TreatmentSelection

Last updated on 2025-11-23 20:49:05 CET.

Flavor Version Tinstall Tcheck Ttotal Status Flags
r-devel-linux-x86_64-debian-clang 2.1.1 15.06 113.54 128.60 NOTE
r-devel-linux-x86_64-debian-gcc 2.1.1 10.04 80.51 90.55 NOTE
r-devel-linux-x86_64-fedora-clang 2.1.1 29.00 163.96 192.96 NOTE
r-devel-windows-x86_64 2.1.1 18.00 104.00 122.00 NOTE
r-patched-linux-x86_64 2.1.1 14.47 105.01 119.48 NOTE
r-release-linux-x86_64 2.1.1 13.40 104.24 117.64 NOTE
r-release-macos-arm64 2.1.1 NOTE
r-release-macos-x86_64 2.1.1 13.00 76.00 89.00 NOTE
r-release-windows-x86_64 2.1.1 16.00 107.00 123.00 NOTE
r-oldrel-macos-arm64 2.1.1 NOTE
r-oldrel-macos-x86_64 2.1.1 9.00 64.00 73.00 NOTE
r-oldrel-windows-x86_64 2.1.1 22.00 145.00 167.00 NOTE

Check Details

Version: 2.1.1
Check: CRAN incoming feasibility
Result: NOTE Maintainer: ‘Marshall Brown <mdbrown@fhcrc.org>’ No Authors@R field in DESCRIPTION. Please add one, modifying Authors@R: c(person(given = "Marshall", family = "Brown", role = c("aut", "cre"), email = "mdbrown@fhcrc.org"), person(given = "Holly", family = "Janes", role = "aut")) as necessary. Flavors: r-devel-linux-x86_64-debian-clang, r-devel-linux-x86_64-debian-gcc

Version: 2.1.1
Check: Rd files
Result: NOTE checkRd: (-1) trtsel.Rd:69: Lost braces; missing escapes or markup? 69 | numeric with two values {0,1} and gaussian(link = "identity") otherwise. | ^ Flavors: r-devel-linux-x86_64-debian-clang, r-devel-linux-x86_64-debian-gcc, r-devel-linux-x86_64-fedora-clang, r-devel-windows-x86_64, r-patched-linux-x86_64, r-release-linux-x86_64, r-release-macos-arm64, r-release-macos-x86_64, r-release-windows-x86_64, r-oldrel-macos-arm64, r-oldrel-macos-x86_64, r-oldrel-windows-x86_64