Last updated on 2023-11-30 20:48:54 CET.
Flavor | Version | Tinstall | Tcheck | Ttotal | Status | Flags |
---|---|---|---|---|---|---|
r-devel-linux-x86_64-debian-clang | 1.4.5 | 34.18 | 123.83 | 158.01 | NOTE | |
r-devel-linux-x86_64-debian-gcc | 1.4.5 | 23.14 | 93.89 | 117.03 | NOTE | |
r-devel-linux-x86_64-fedora-clang | 1.4.5 | 206.80 | NOTE | |||
r-devel-linux-x86_64-fedora-gcc | 1.4.5 | 218.57 | NOTE | |||
r-devel-windows-x86_64 | 1.4.5 | 28.00 | 140.00 | 168.00 | NOTE | |
r-patched-linux-x86_64 | 1.4.5 | 30.13 | 124.96 | 155.09 | NOTE | |
r-release-linux-x86_64 | 1.4.5 | 28.47 | 125.30 | 153.77 | NOTE | |
r-release-macos-arm64 | 1.4.5 | 90.00 | NOTE | |||
r-release-macos-x86_64 | 1.4.5 | 149.00 | NOTE | |||
r-release-windows-x86_64 | 1.4.5 | 36.00 | 170.00 | 206.00 | NOTE | |
r-oldrel-macos-arm64 | 1.4.5 | 54.00 | OK | |||
r-oldrel-macos-x86_64 | 1.4.5 | 69.00 | OK | |||
r-oldrel-windows-x86_64 | 1.4.5 | 36.00 | 165.00 | 201.00 | OK |
Version: 1.4.5
Check: C++ specification
Result: NOTE
Specified C++11: please drop specification unless essential
Flavors: r-devel-linux-x86_64-debian-clang, r-devel-linux-x86_64-debian-gcc, r-devel-linux-x86_64-fedora-clang, r-devel-linux-x86_64-fedora-gcc, r-devel-windows-x86_64, r-patched-linux-x86_64, r-release-linux-x86_64, r-release-macos-arm64, r-release-macos-x86_64, r-release-windows-x86_64