Last updated on 2025-05-06 20:50:56 CEST.
Flavor | Version | Tinstall | Tcheck | Ttotal | Status | Flags |
---|---|---|---|---|---|---|
r-devel-linux-x86_64-debian-clang | 1.2.1 | 11.72 | 241.80 | 253.52 | NOTE | |
r-devel-linux-x86_64-debian-gcc | 1.2.1 | 6.90 | 171.58 | 178.48 | NOTE | |
r-devel-linux-x86_64-fedora-clang | 1.2.1 | 379.92 | NOTE | |||
r-devel-linux-x86_64-fedora-gcc | 1.2.1 | 387.97 | NOTE | |||
r-devel-windows-x86_64 | 1.2.1 | 14.00 | 229.00 | 243.00 | NOTE | |
r-patched-linux-x86_64 | 1.2.1 | 12.79 | 227.32 | 240.11 | NOTE | |
r-release-linux-x86_64 | 1.2.1 | 9.74 | 229.86 | 239.60 | NOTE | |
r-release-macos-arm64 | 1.2.1 | 126.00 | NOTE | |||
r-release-macos-x86_64 | 1.2.1 | 259.00 | NOTE | |||
r-release-windows-x86_64 | 1.2.1 | 15.00 | 235.00 | 250.00 | NOTE | |
r-oldrel-macos-arm64 | 1.2.1 | 120.00 | OK | |||
r-oldrel-macos-x86_64 | 1.2.1 | 304.00 | OK | |||
r-oldrel-windows-x86_64 | 1.2.1 | 17.00 | 397.00 | 414.00 | OK |
Version: 1.2.1
Check: DESCRIPTION meta-information
Result: NOTE
Missing dependency on R >= 4.1.0 because package code uses the pipe
|> or function shorthand \(...) syntax added in R 4.1.0.
File(s) using such syntax:
‘replace_leading_whitespace.R’
Flavors: r-devel-linux-x86_64-debian-clang, r-devel-linux-x86_64-debian-gcc, r-devel-linux-x86_64-fedora-clang, r-devel-linux-x86_64-fedora-gcc, r-devel-windows-x86_64, r-patched-linux-x86_64, r-release-linux-x86_64, r-release-macos-arm64, r-release-macos-x86_64, r-release-windows-x86_64