CRAN Package Check Results for Package TooManyCellsR

Last updated on 2025-05-09 20:50:05 CEST.

Flavor Version Tinstall Tcheck Ttotal Status Flags
r-devel-linux-x86_64-debian-clang 0.1.1.0 1.20 20.12 21.32 NOTE
r-devel-linux-x86_64-debian-gcc 0.1.1.0 1.28 16.25 17.53 NOTE
r-devel-linux-x86_64-fedora-clang 0.1.1.0 34.48 NOTE
r-devel-linux-x86_64-fedora-gcc 0.1.1.0 32.43 NOTE
r-devel-windows-x86_64 0.1.1.0 4.00 46.00 50.00 OK
r-patched-linux-x86_64 0.1.1.0 1.85 19.54 21.39 OK
r-release-linux-x86_64 0.1.1.0 1.83 19.38 21.21 OK
r-release-macos-arm64 0.1.1.0 16.00 OK
r-release-macos-x86_64 0.1.1.0 25.00 OK
r-release-windows-x86_64 0.1.1.0 4.00 42.00 46.00 OK
r-oldrel-macos-arm64 0.1.1.0 16.00 NOTE
r-oldrel-macos-x86_64 0.1.1.0 31.00 NOTE
r-oldrel-windows-x86_64 0.1.1.0 4.00 47.00 51.00 NOTE

Check Details

Version: 0.1.1.0
Check: CRAN incoming feasibility
Result: NOTE Maintainer: ‘Gregory W. Schwartz <gsch@pennmedicine.upenn.edu>’ No Authors@R field in DESCRIPTION. Please add one, modifying Authors@R: person(given = c("Gregory", "W."), family = "Schwartz", role = c("aut", "cre"), email = "gsch@pennmedicine.upenn.edu") as necessary. Flavors: r-devel-linux-x86_64-debian-clang, r-devel-linux-x86_64-debian-gcc

Version: 0.1.1.0
Check: dependencies in R code
Result: NOTE Namespaces in Imports field not imported from: ‘cowplot’ ‘ggplot2’ ‘jsonlite’ All declared Imports should be used. Flavors: r-devel-linux-x86_64-fedora-clang, r-devel-linux-x86_64-fedora-gcc

Version: 0.1.1.0
Check: LazyData
Result: NOTE 'LazyData' is specified without a 'data' directory Flavors: r-oldrel-macos-arm64, r-oldrel-macos-x86_64, r-oldrel-windows-x86_64