Last updated on 2025-05-06 20:50:56 CEST.
Flavor | Version | Tinstall | Tcheck | Ttotal | Status | Flags |
---|---|---|---|---|---|---|
r-devel-linux-x86_64-debian-clang | 0.1.0 | 4.10 | 34.64 | 38.74 | OK | |
r-devel-linux-x86_64-debian-gcc | 0.1.0 | 2.99 | 26.37 | 29.36 | OK | |
r-devel-linux-x86_64-fedora-clang | 0.1.0 | 59.39 | OK | |||
r-devel-linux-x86_64-fedora-gcc | 0.1.0 | 56.75 | OK | |||
r-devel-windows-x86_64 | 0.1.0 | 5.00 | 59.00 | 64.00 | OK | |
r-patched-linux-x86_64 | 0.1.0 | 3.78 | 32.81 | 36.59 | OK | |
r-release-linux-x86_64 | 0.1.0 | 3.25 | 32.76 | 36.01 | OK | |
r-release-macos-arm64 | 0.1.0 | 30.00 | OK | |||
r-release-macos-x86_64 | 0.1.0 | 39.00 | OK | |||
r-release-windows-x86_64 | 0.1.0 | 5.00 | 51.00 | 56.00 | OK | |
r-oldrel-macos-arm64 | 0.1.0 | 21.00 | NOTE | |||
r-oldrel-macos-x86_64 | 0.1.0 | 30.00 | NOTE | |||
r-oldrel-windows-x86_64 | 0.1.0 | 6.00 | 59.00 | 65.00 | NOTE |
Version: 0.1.0
Check: LazyData
Result: NOTE
'LazyData' is specified without a 'data' directory
Flavors: r-oldrel-macos-arm64, r-oldrel-macos-x86_64, r-oldrel-windows-x86_64