Last updated on 2024-07-17 20:57:13 CEST.
Flavor | Version | Tinstall | Tcheck | Ttotal | Status | Flags |
---|---|---|---|---|---|---|
r-devel-linux-x86_64-debian-clang | 0.1.3 | 12.19 | 93.10 | 105.29 | OK | |
r-devel-linux-x86_64-debian-gcc | 0.1.3 | 7.15 | 67.89 | 75.04 | OK | |
r-devel-linux-x86_64-fedora-clang | 0.1.3 | 128.99 | NOTE | |||
r-devel-linux-x86_64-fedora-gcc | 0.1.3 | 118.45 | OK | |||
r-devel-windows-x86_64 | 0.1.3 | 9.00 | 93.00 | 102.00 | OK | |
r-patched-linux-x86_64 | 0.1.3 | 11.98 | 86.57 | 98.55 | OK | |
r-release-linux-x86_64 | 0.1.3 | 10.56 | 88.34 | 98.90 | OK | |
r-release-macos-arm64 | 0.1.3 | 42.00 | OK | |||
r-release-macos-x86_64 | 0.1.3 | 102.00 | OK | |||
r-release-windows-x86_64 | 0.1.3 | 9.00 | 93.00 | 102.00 | OK | |
r-oldrel-macos-arm64 | 0.1.1 | 27.00 | OK | |||
r-oldrel-macos-x86_64 | 0.1.1 | 49.00 | OK | |||
r-oldrel-windows-x86_64 | 0.1.1 | 6.00 | 61.00 | 67.00 | OK |
Version: 0.1.3
Check: Rd cross-references
Result: NOTE
Undeclared packages ‘units’, ‘data.table’ in Rd xrefs
Flavor: r-devel-linux-x86_64-fedora-clang