Last updated on 2024-03-27 19:57:08 CET.
Flavor | Version | Tinstall | Tcheck | Ttotal | Status | Flags |
---|---|---|---|---|---|---|
r-devel-linux-x86_64-debian-clang | 0.1.2 | 7.30 | 126.09 | 133.39 | OK | |
r-devel-linux-x86_64-debian-gcc | 0.1.2 | 5.47 | 97.63 | 103.10 | OK | |
r-devel-linux-x86_64-fedora-clang | 0.1.2 | 167.97 | NOTE | |||
r-devel-linux-x86_64-fedora-gcc | 0.1.2 | 170.06 | NOTE | |||
r-devel-windows-x86_64 | 0.1.2 | 7.00 | 107.00 | 114.00 | OK | |
r-patched-linux-x86_64 | 0.1.2 | 4.74 | 123.76 | 128.50 | OK | |
r-release-linux-x86_64 | 0.1.2 | 5.35 | 121.84 | 127.19 | OK | |
r-release-macos-arm64 | 0.1.2 | 53.00 | OK | |||
r-release-macos-x86_64 | 0.1.2 | 112.00 | OK | |||
r-release-windows-x86_64 | 0.1.2 | 8.00 | 134.00 | 142.00 | OK | |
r-oldrel-macos-arm64 | 0.1.2 | 51.00 | OK | |||
r-oldrel-windows-x86_64 | 0.1.2 | 10.00 | 147.00 | 157.00 | OK |
Version: 0.1.2
Check: dependencies in R code
Result: NOTE
Namespaces in Imports field not imported from:
‘MASS’ ‘base’ ‘graphics’ ‘janitor’ ‘rlang’ ‘testthat’ ‘utils’
All declared Imports should be used.
Flavors: r-devel-linux-x86_64-fedora-clang, r-devel-linux-x86_64-fedora-gcc