Last updated on 2024-04-27 21:20:40 CEST.
Flavor | Version | Tinstall | Tcheck | Ttotal | Status | Flags |
---|---|---|---|---|---|---|
r-devel-linux-x86_64-debian-clang | 0.1.0 | 11.37 | 100.17 | 111.54 | OK | |
r-devel-linux-x86_64-debian-gcc | 0.1.0 | 9.15 | 75.93 | 85.08 | OK | |
r-devel-linux-x86_64-fedora-clang | 0.1.0 | 143.52 | NOTE | |||
r-devel-linux-x86_64-fedora-gcc | 0.1.0 | 155.61 | NOTE | |||
r-devel-windows-x86_64 | 0.1.0 | 11.00 | 104.00 | 115.00 | OK | |
r-patched-linux-x86_64 | 0.1.0 | 13.31 | 97.32 | 110.63 | OK | |
r-release-linux-x86_64 | 0.1.0 | 10.33 | 100.07 | 110.40 | OK | |
r-release-macos-arm64 | 0.1.0 | 41.00 | OK | |||
r-release-windows-x86_64 | 0.1.0 | 11.00 | 102.00 | 113.00 | OK | |
r-oldrel-macos-arm64 | 0.1.0 | 43.00 | OK | |||
r-oldrel-macos-x86_64 | 0.1.0 | 102.00 | OK | |||
r-oldrel-windows-x86_64 | 0.1.0 | 16.00 | 122.00 | 138.00 | OK |
Version: 0.1.0
Check: data for non-ASCII characters
Result: NOTE
Note: found 1 marked UTF-8 string
Flavors: r-devel-linux-x86_64-fedora-clang, r-devel-linux-x86_64-fedora-gcc