CRAN Package Check Results for Package TestingSimilarity

Last updated on 2022-12-03 23:01:42 CET.

Flavor Version Tinstall Tcheck Ttotal Status Flags
r-devel-linux-x86_64-debian-clang 1.1 2.69 32.58 35.27 NOTE
r-devel-linux-x86_64-debian-gcc 1.1 1.85 25.57 27.42 NOTE
r-devel-linux-x86_64-fedora-clang 1.1 54.83 NOTE
r-devel-linux-x86_64-fedora-gcc 1.1 54.38 NOTE
r-devel-windows-x86_64 1.1 22.00 62.00 84.00 NOTE
r-patched-linux-x86_64 1.1 2.79 30.92 33.71 NOTE
r-release-linux-x86_64 1.1 2.28 31.18 33.46 NOTE
r-release-macos-arm64 1.1 16.00 NOTE
r-release-macos-x86_64 1.1 24.00 NOTE
r-release-windows-x86_64 1.1 30.00 60.00 90.00 NOTE
r-oldrel-macos-arm64 1.1 22.00 NOTE
r-oldrel-macos-x86_64 1.1 30.00 NOTE
r-oldrel-windows-ix86+x86_64 1.1 6.00 57.00 63.00 NOTE

Check Details

Version: 1.1
Check: LazyData
Result: NOTE
     'LazyData' is specified without a 'data' directory
Flavors: r-devel-linux-x86_64-debian-clang, r-devel-linux-x86_64-debian-gcc, r-devel-linux-x86_64-fedora-clang, r-devel-linux-x86_64-fedora-gcc, r-devel-windows-x86_64, r-patched-linux-x86_64, r-release-linux-x86_64, r-release-macos-arm64, r-release-macos-x86_64, r-release-windows-x86_64, r-oldrel-macos-arm64, r-oldrel-macos-x86_64, r-oldrel-windows-ix86+x86_64