CRAN Package Check Results for Package TempCont

Last updated on 2025-07-23 21:52:01 CEST.

Flavor Version Tinstall Tcheck Ttotal Status Flags
r-devel-linux-x86_64-debian-clang 0.1.0 1.64 23.91 25.55 NOTE
r-devel-linux-x86_64-debian-gcc 0.1.0 1.61 18.87 20.48 NOTE
r-devel-linux-x86_64-fedora-clang 0.1.0 39.38 OK
r-devel-linux-x86_64-fedora-gcc 0.1.0 37.50 OK
r-devel-windows-x86_64 0.1.0 3.00 44.00 47.00 OK
r-patched-linux-x86_64 0.1.0 1.95 22.38 24.33 OK
r-release-linux-x86_64 0.1.0 2.04 22.44 24.48 OK
r-release-macos-arm64 0.1.0 20.00 OK
r-release-macos-x86_64 0.1.0 31.00 OK
r-release-windows-x86_64 0.1.0 3.00 47.00 50.00 OK
r-oldrel-macos-arm64 0.1.0 16.00 OK
r-oldrel-macos-x86_64 0.1.0 24.00 OK
r-oldrel-windows-x86_64 0.1.0 3.00 50.00 53.00 OK

Check Details

Version: 0.1.0
Check: CRAN incoming feasibility
Result: NOTE Maintainer: ‘Marcos Fernández-Martínez <marcos.fernandez-martinez@uantwerpen.be>’ No Authors@R field in DESCRIPTION. Please add one, modifying Authors@R: c(person(given = "Marcos", family = "Fernández-Martínez", role = c("aut", "cre"), email = "marcos.fernandez-martinez@uantwerpen.be"), person(given = "Joan", family = "Maspons", role = "aut")) as necessary. Flavors: r-devel-linux-x86_64-debian-clang, r-devel-linux-x86_64-debian-gcc