CRAN Package Check Results for Package TeachingDemos

Last updated on 2022-12-02 20:53:28 CET.

Flavor Version Tinstall Tcheck Ttotal Status Flags
r-devel-linux-x86_64-debian-clang 2.12 13.41 97.89 111.30 NOTE
r-devel-linux-x86_64-debian-gcc 2.12 9.40 73.69 83.09 NOTE
r-devel-linux-x86_64-fedora-clang 2.12 159.51 NOTE
r-devel-linux-x86_64-fedora-gcc 2.12 156.58 NOTE
r-devel-windows-x86_64 2.12 190.00 155.00 345.00 NOTE
r-patched-linux-x86_64 2.12 15.62 90.95 106.57 NOTE
r-release-linux-x86_64 2.12 13.34 92.02 105.36 NOTE
r-release-macos-arm64 2.12 34.00 NOTE
r-release-macos-x86_64 2.12 52.00 NOTE
r-release-windows-x86_64 2.12 271.00 136.00 407.00 OK
r-oldrel-macos-arm64 2.12 44.00 NOTE
r-oldrel-macos-x86_64 2.12 81.00 NOTE
r-oldrel-windows-ix86+x86_64 2.12 24.00 115.00 139.00 OK

Check Details

Version: 2.12
Check: package dependencies
Result: NOTE
    Package suggested but not available for checking: 'R2wd'
Flavors: r-devel-linux-x86_64-debian-clang, r-devel-linux-x86_64-debian-gcc, r-devel-linux-x86_64-fedora-clang, r-devel-linux-x86_64-fedora-gcc, r-patched-linux-x86_64, r-release-linux-x86_64, r-release-macos-arm64, r-release-macos-x86_64, r-oldrel-macos-arm64, r-oldrel-macos-x86_64

Version: 2.12
Check: Rd files
Result: NOTE
    checkRd: (-1) R2txt.Rd:164: Escaped LaTeX specials: \#
    checkRd: (-1) bct.Rd:18: Escaped LaTeX specials: \^
    checkRd: (-1) bct.Rd:19: Escaped LaTeX specials: \^
    checkRd: (-1) ineq.Rd:10: Escaped LaTeX specials: \&
    checkRd: (-1) put.points.demo.Rd:39: Escaped LaTeX specials: \^
    checkRd: (-1) run.cor.examp.Rd:10: Escaped LaTeX specials: \^
    checkRd: (-1) run.cor.examp.Rd:31: Escaped LaTeX specials: \^
Flavors: r-devel-linux-x86_64-debian-clang, r-devel-linux-x86_64-debian-gcc, r-devel-linux-x86_64-fedora-clang, r-devel-linux-x86_64-fedora-gcc, r-devel-windows-x86_64