Last updated on 2024-07-17 20:57:14 CEST.
Flavor | Version | Tinstall | Tcheck | Ttotal | Status | Flags |
---|---|---|---|---|---|---|
r-devel-linux-x86_64-debian-clang | 1.5.10 | 35.91 | 185.85 | 221.76 | OK | |
r-devel-linux-x86_64-debian-gcc | 1.5.10 | 25.03 | 130.50 | 155.53 | OK | |
r-devel-linux-x86_64-fedora-clang | 1.5.10 | 276.40 | OK | |||
r-devel-linux-x86_64-fedora-gcc | 1.5.10 | 268.15 | OK | |||
r-devel-windows-x86_64 | 1.5.10 | 20.00 | 125.00 | 145.00 | NOTE | |
r-patched-linux-x86_64 | 1.5.10 | 38.04 | 173.43 | 211.47 | OK | |
r-release-linux-x86_64 | 1.5.10 | 22.85 | 177.65 | 200.50 | OK | |
r-release-macos-arm64 | 1.5.10 | 122.00 | OK | |||
r-release-macos-x86_64 | 1.5.10 | 134.00 | OK | |||
r-release-windows-x86_64 | 1.5.10 | 22.00 | 120.00 | 142.00 | OK | |
r-oldrel-macos-arm64 | 1.5.10 | 77.00 | OK | |||
r-oldrel-macos-x86_64 | 1.5.10 | 226.00 | OK | |||
r-oldrel-windows-x86_64 | 1.5.10 | 27.00 | 134.00 | 161.00 | OK |
Version: 1.5.10
Check: Rd cross-references
Result: NOTE
Found the following Rd file(s) with Rd \link{} targets missing package
anchors:
FULLoption.Rd: impute, local.trend, mannKen, seasonTrend, seaKen
Please provide package anchors for all Rd \link{} targets not in the
package itself and the base packages.
Flavor: r-devel-windows-x86_64