CRAN Package Check Results for Package TSstudio

Last updated on 2023-06-07 21:01:35 CEST.

Flavor Version Tinstall Tcheck Ttotal Status Flags
r-devel-linux-x86_64-debian-clang 0.1.6 10.02 92.12 102.14 NOTE
r-devel-linux-x86_64-debian-gcc 0.1.6 7.64 68.83 76.47 NOTE
r-devel-linux-x86_64-fedora-clang 0.1.6 125.18 NOTE
r-devel-linux-x86_64-fedora-gcc 0.1.6 130.42 NOTE
r-devel-windows-x86_64 0.1.6 11.00 93.00 104.00 NOTE
r-patched-linux-x86_64 0.1.6 8.54 88.31 96.85 NOTE
r-release-linux-x86_64 0.1.6 6.22 88.13 94.35 NOTE
r-release-macos-arm64 0.1.6 45.00 NOTE
r-release-macos-x86_64 0.1.6 82.00 NOTE
r-release-windows-x86_64 0.1.6 12.00 227.00 239.00 NOTE
r-oldrel-macos-arm64 0.1.6 37.00 NOTE
r-oldrel-macos-x86_64 0.1.6 62.00 NOTE
r-oldrel-windows-x86_64 0.1.6 12.00 109.00 121.00 OK

Check Details

Version: 0.1.6
Check: package subdirectories
Result: NOTE
    Problems with news in ‘NEWS.md’:
     Cannot extract version info from the following section titles:
     Updates for the development version (0.1.0.9000) on Github
Flavors: r-devel-linux-x86_64-debian-clang, r-devel-linux-x86_64-debian-gcc, r-devel-linux-x86_64-fedora-clang, r-devel-linux-x86_64-fedora-gcc, r-devel-windows-x86_64, r-patched-linux-x86_64, r-release-linux-x86_64, r-release-macos-arm64, r-release-macos-x86_64, r-release-windows-x86_64

Version: 0.1.6
Check: dependencies in R code
Result: NOTE
    Namespace in Imports field not imported from: ‘forecastHybrid’
     All declared Imports should be used.
Flavors: r-devel-linux-x86_64-fedora-clang, r-devel-linux-x86_64-fedora-gcc, r-oldrel-macos-arm64, r-oldrel-macos-x86_64