Last updated on 2024-04-19 20:56:54 CEST.
Flavor | Version | Tinstall | Tcheck | Ttotal | Status | Flags |
---|---|---|---|---|---|---|
r-devel-linux-x86_64-debian-clang | 0.1.0 | 16.59 | 124.41 | 141.00 | OK | |
r-devel-linux-x86_64-debian-gcc | 0.1.0 | OK | ||||
r-devel-linux-x86_64-fedora-clang | 0.1.0 | 182.32 | NOTE | |||
r-devel-linux-x86_64-fedora-gcc | 0.1.0 | 168.32 | NOTE | |||
r-prerel-macos-arm64 | 0.1.0 | 48.00 | OK | |||
r-prerel-macos-x86_64 | 0.1.0 | 88.00 | OK | |||
r-prerel-windows-x86_64 | 0.1.0 | 15.00 | 151.00 | 166.00 | OK | |
r-patched-linux-x86_64 | 0.1.0 | 12.36 | 118.50 | 130.86 | OK | |
r-release-linux-x86_64 | 0.1.0 | 11.38 | 110.92 | 122.30 | OK | |
r-release-macos-arm64 | 0.1.0 | 54.00 | OK | |||
r-release-macos-x86_64 | 0.1.0 | 64.00 | OK | |||
r-release-windows-x86_64 | 0.1.0 | 18.00 | 128.00 | 146.00 | OK | |
r-oldrel-macos-arm64 | 0.1.0 | 49.00 | NOTE | |||
r-oldrel-windows-x86_64 | 0.1.0 | 18.00 | 260.00 | 278.00 | OK |
Version: 0.1.0
Check: dependencies in R code
Result: NOTE
Namespaces in Imports field not imported from:
‘reticulate’ ‘tensorflow’
All declared Imports should be used.
Flavors: r-devel-linux-x86_64-fedora-clang, r-devel-linux-x86_64-fedora-gcc, r-oldrel-macos-arm64