Last updated on 2024-07-17 20:57:14 CEST.
Flavor | Version | Tinstall | Tcheck | Ttotal | Status | Flags |
---|---|---|---|---|---|---|
r-devel-linux-x86_64-debian-clang | 0.0.1 | 3.58 | 29.03 | 32.61 | NOTE | |
r-devel-linux-x86_64-debian-gcc | 0.0.1 | 2.84 | 22.26 | 25.10 | NOTE | |
r-devel-linux-x86_64-fedora-clang | 0.0.1 | 41.42 | NOTE | |||
r-devel-linux-x86_64-fedora-gcc | 0.0.1 | 38.65 | NOTE | |||
r-devel-windows-x86_64 | 0.0.1 | 4.00 | 43.00 | 47.00 | NOTE | |
r-patched-linux-x86_64 | 0.0.1 | 3.56 | 28.24 | 31.80 | NOTE | |
r-release-linux-x86_64 | 0.0.1 | 3.38 | 28.79 | 32.17 | NOTE | |
r-release-macos-arm64 | 0.0.1 | 19.00 | NOTE | |||
r-release-macos-x86_64 | 0.0.1 | 27.00 | NOTE | |||
r-release-windows-x86_64 | 0.0.1 | 4.00 | 45.00 | 49.00 | NOTE | |
r-oldrel-macos-arm64 | 0.0.1 | 20.00 | NOTE | |||
r-oldrel-macos-x86_64 | 0.0.1 | 24.00 | NOTE | |||
r-oldrel-windows-x86_64 | 0.0.1 | 5.00 | 46.00 | 51.00 | NOTE |
Version: 0.0.1
Check: LazyData
Result: NOTE
'LazyData' is specified without a 'data' directory
Flavors: r-devel-linux-x86_64-debian-clang, r-devel-linux-x86_64-debian-gcc, r-devel-linux-x86_64-fedora-clang, r-devel-linux-x86_64-fedora-gcc, r-devel-windows-x86_64, r-patched-linux-x86_64, r-release-linux-x86_64, r-release-macos-arm64, r-release-macos-x86_64, r-release-windows-x86_64, r-oldrel-macos-arm64, r-oldrel-macos-x86_64, r-oldrel-windows-x86_64