CRAN Package Check Results for Package TPmsm

Last updated on 2022-12-02 20:53:28 CET.

Flavor Version Tinstall Tcheck Ttotal Status Flags
r-devel-linux-x86_64-debian-clang 1.2.5 17.45 164.22 181.67 NOTE
r-devel-linux-x86_64-debian-gcc 1.2.5 14.16 117.19 131.35 NOTE
r-devel-linux-x86_64-fedora-clang 1.2.5 229.54 NOTE
r-devel-linux-x86_64-fedora-gcc 1.2.5 226.16 NOTE
r-devel-windows-x86_64 1.2.5 68.00 302.00 370.00 OK
r-patched-linux-x86_64 1.2.5 16.92 146.48 163.40 NOTE
r-release-linux-x86_64 1.2.5 15.05 141.56 156.61 NOTE
r-release-macos-arm64 1.2.5 65.00 OK
r-release-macos-x86_64 1.2.5 77.00 OK
r-release-windows-x86_64 1.2.5 69.00 219.00 288.00 OK
r-oldrel-macos-arm64 1.2.5 71.00 OK
r-oldrel-macos-x86_64 1.2.5 81.00 OK
r-oldrel-windows-ix86+x86_64 1.2.5 56.00 355.00 411.00 OK

Check Details

Version: 1.2.5
Check: package dependencies
Result: NOTE
    Package which this enhances but not available for checking: 'p3state.msm'
Flavors: r-devel-linux-x86_64-debian-clang, r-devel-linux-x86_64-debian-gcc, r-devel-linux-x86_64-fedora-clang, r-devel-linux-x86_64-fedora-gcc, r-patched-linux-x86_64, r-release-linux-x86_64