CRAN Package Check Results for Package TGS

Last updated on 2025-02-20 19:51:47 CET.

Flavor Version Tinstall Tcheck Ttotal Status Flags
r-devel-linux-x86_64-debian-clang 1.0.1 3.48 30.15 33.63 OK
r-devel-linux-x86_64-debian-gcc 1.0.1 2.77 22.22 24.99 OK
r-devel-linux-x86_64-fedora-clang 1.0.1 56.15 NOTE
r-devel-linux-x86_64-fedora-gcc 1.0.1 66.94 NOTE
r-devel-macos-arm64 1.0.1 31.00 OK
r-devel-macos-x86_64 1.0.1 50.00 OK
r-devel-windows-x86_64 1.0.1 5.00 49.00 54.00 OK
r-patched-linux-x86_64 1.0.1 2.91 28.41 31.32 NOTE
r-release-linux-x86_64 1.0.1 3.91 29.03 32.94 NOTE
r-release-macos-arm64 1.0.1 31.00 NOTE
r-release-macos-x86_64 1.0.1 47.00 NOTE
r-release-windows-x86_64 1.0.1 5.00 49.00 54.00 NOTE
r-oldrel-macos-arm64 1.0.1 27.00 NOTE
r-oldrel-macos-x86_64 1.0.1 54.00 NOTE
r-oldrel-windows-x86_64 1.0.1 6.00 77.00 83.00 NOTE

Check Details

Version: 1.0.1
Check: dependencies in R code
Result: NOTE Namespace in Imports field not imported from: ‘ggm’ All declared Imports should be used. Flavors: r-devel-linux-x86_64-fedora-clang, r-devel-linux-x86_64-fedora-gcc

Version: 1.0.1
Check: LazyData
Result: NOTE 'LazyData' is specified without a 'data' directory Flavors: r-patched-linux-x86_64, r-release-linux-x86_64, r-release-macos-arm64, r-release-macos-x86_64, r-release-windows-x86_64, r-oldrel-macos-arm64, r-oldrel-macos-x86_64, r-oldrel-windows-x86_64